[INFO] cloning repository https://github.com/BenKurrek/near-indexer-bookkeeping
[INFO] running `Command { std: "git" "-c" "credential.helper=" "-c" "credential.helper=/workspace/cargo-home/bin/git-credential-null" "clone" "--bare" "https://github.com/BenKurrek/near-indexer-bookkeeping" "/workspace/cache/git-repos/https%3A%2F%2Fgithub.com%2FBenKurrek%2Fnear-indexer-bookkeeping", kill_on_drop: false }`
[INFO] [stderr] Cloning into bare repository '/workspace/cache/git-repos/https%3A%2F%2Fgithub.com%2FBenKurrek%2Fnear-indexer-bookkeeping'...
[INFO] running `Command { std: "git" "rev-parse" "HEAD", kill_on_drop: false }`
[INFO] [stdout] e4cf2bc66d5edfcbb6c8fe5b55a5cb9acaeb7f73
[INFO] checking BenKurrek/near-indexer-bookkeeping against master#9610dfe5a9a731ced1ea4923ecbd0c57fe367898 for beta-170-4
[INFO] running `Command { std: "git" "clone" "/workspace/cache/git-repos/https%3A%2F%2Fgithub.com%2FBenKurrek%2Fnear-indexer-bookkeeping" "/workspace/builds/worker-7-tc1/source", kill_on_drop: false }`
[INFO] [stderr] Cloning into '/workspace/builds/worker-7-tc1/source'...
[INFO] [stderr] done.
[INFO] validating manifest of git repo https://github.com/BenKurrek/near-indexer-bookkeeping on toolchain 9610dfe5a9a731ced1ea4923ecbd0c57fe367898
[INFO] running `Command { std: CARGO_HOME="/workspace/cargo-home" RUSTUP_HOME="/workspace/rustup-home" "/workspace/cargo-home/bin/cargo" "+9610dfe5a9a731ced1ea4923ecbd0c57fe367898" "metadata" "--manifest-path" "Cargo.toml" "--no-deps", kill_on_drop: false }`
[INFO] removed /workspace/builds/worker-7-tc1/source/rust-toolchain
[INFO] started tweaking git repo https://github.com/BenKurrek/near-indexer-bookkeeping
[INFO] finished tweaking git repo https://github.com/BenKurrek/near-indexer-bookkeeping
[INFO] tweaked toml for git repo https://github.com/BenKurrek/near-indexer-bookkeeping written to /workspace/builds/worker-7-tc1/source/Cargo.toml
[INFO] crate git repo https://github.com/BenKurrek/near-indexer-bookkeeping already has a lockfile, it will not be regenerated
[INFO] running `Command { std: CARGO_HOME="/workspace/cargo-home" RUSTUP_HOME="/workspace/rustup-home" "/workspace/cargo-home/bin/cargo" "+9610dfe5a9a731ced1ea4923ecbd0c57fe367898" "fetch" "--manifest-path" "Cargo.toml", kill_on_drop: false }`
[INFO] [stderr]     Updating crates.io index
[INFO] [stderr]     Updating git repository `https://github.com/near/nearcore`
[INFO] [stderr]     Updating git repository `https://github.com/near/sysinfo`
[INFO] [stderr]     Updating git repository `https://github.com/near/actix-extras.git`
[INFO] [stderr]  Downloading crates ...
[INFO] [stderr]   Downloaded siphasher v0.3.6
[INFO] [stderr]   Downloaded tracing-attributes v0.1.13
[INFO] [stderr]   Downloaded serde-bench v0.0.7
[INFO] [stderr]   Downloaded wasmtime-jit v0.25.0
[INFO] [stderr]   Downloaded leb128 v0.2.4
[INFO] [stderr]   Downloaded enumset v1.0.5
[INFO] [stderr]   Downloaded wasmer-engine v1.0.2
[INFO] [stderr]   Downloaded async-recursion v0.3.2
[INFO] [stderr]   Downloaded wasm-bindgen-macro v0.2.70
[INFO] [stderr]   Downloaded anyhow v1.0.38
[INFO] [stderr]   Downloaded easy-ext v0.2.6
[INFO] [stderr]   Downloaded tracing-subscriber v0.2.16
[INFO] [stderr]   Downloaded dirs v3.0.1
[INFO] [stderr]   Downloaded concat-with v0.2.5
[INFO] [stderr]   Downloaded slash-formatter v3.1.1
[INFO] [stderr]   Downloaded conqueue v0.4.0
[INFO] [stderr]   Downloaded tokio-stream v0.1.3
[INFO] [stderr]   Downloaded wasmer-types v1.0.2
[INFO] [stderr]   Downloaded wasmer-engine-jit v1.0.2
[INFO] [stderr]   Downloaded heapsize v0.4.2
[INFO] [stderr]   Downloaded c2-chacha v0.3.1
[INFO] [stderr]   Downloaded protobuf v2.22.0
[INFO] [stderr]   Downloaded tokio-openssl v0.6.1
[INFO] [stderr]   Downloaded arr_macro v0.1.3
[INFO] [stderr]   Downloaded psm v0.1.12
[INFO] [stderr]   Downloaded bytesize v1.0.1
[INFO] [stderr]   Downloaded parity-wasm v0.41.0
[INFO] [stderr]   Downloaded actix-web-codegen v0.5.0-beta.2
[INFO] [stderr]   Downloaded actix-codec v0.4.0-beta.1
[INFO] [stderr]   Downloaded actix-macros v0.2.0
[INFO] [stderr]   Downloaded const_fn v0.4.5
[INFO] [stderr]   Downloaded awc v3.0.0-beta.5
[INFO] [stderr]   Downloaded wasm-bindgen-backend v0.2.70
[INFO] [stderr]   Downloaded ahash v0.7.0
[INFO] [stderr]   Downloaded time v0.2.25
[INFO] [stderr]   Downloaded wasm-bindgen-macro-support v0.2.70
[INFO] [stderr]   Downloaded actix-http v3.0.0-beta.6
[INFO] [stderr]   Downloaded parity-scale-codec v2.0.0
[INFO] [stderr]   Downloaded bitvec v0.20.1
[INFO] [stderr]   Downloaded openssl v0.10.32
[INFO] [stderr]   Downloaded actix-web v4.0.0-beta.6
[INFO] [stderr]   Downloaded wasm-bindgen v0.2.70
[INFO] [stderr]   Downloaded nix v0.15.0
[INFO] [stderr]   Downloaded regex v1.4.3
[INFO] [stderr]   Downloaded regex-syntax v0.6.22
[INFO] [stderr]   Downloaded parity-secp256k1 v0.7.0
[INFO] [stderr]   Downloaded object v0.22.0
[INFO] [stderr]   Downloaded cranelift-codegen-meta v0.72.0
[INFO] [stderr]   Downloaded wasmtime v0.25.0
[INFO] [stderr]   Downloaded cranelift-codegen v0.72.0
[INFO] [stderr]   Downloaded cranelift-codegen-meta v0.68.0
[INFO] [stderr]   Downloaded bindgen v0.54.0
[INFO] [stderr]   Downloaded serde_derive v1.0.123
[INFO] [stderr]   Downloaded wasmtime-runtime v0.25.0
[INFO] [stderr]   Downloaded blake2 v0.9.1
[INFO] [stderr]   Downloaded curve25519-dalek v3.0.2
[INFO] [stderr]   Downloaded dynasm v1.0.1
[INFO] [stderr]   Downloaded lazy-static-include v3.0.5
[INFO] [stderr]   Downloaded smart-default v0.6.0
[INFO] [stderr]   Downloaded libc v0.2.86
[INFO] [stderr]   Downloaded gimli v0.22.0
[INFO] [stderr]   Downloaded actix-server v2.0.0-beta.3
[INFO] [stderr]   Downloaded cranelift-codegen v0.68.0
[INFO] [stderr]   Downloaded cranelift-native v0.72.0
[INFO] [stderr]   Downloaded cranelift-frontend v0.72.0
[INFO] [stderr]   Downloaded wasmtime-debug v0.25.0
[INFO] [stderr]   Downloaded librocksdb-sys v6.11.4
[INFO] [stderr]   Downloaded indexmap v1.6.1
[INFO] [stderr]   Downloaded mio v0.7.9
[INFO] [stderr]   Downloaded serde_json v1.0.63
[INFO] [stderr]   Downloaded cranelift-wasm v0.72.0
[INFO] [stderr]   Downloaded actix v0.11.0-beta.2
[INFO] [stderr]   Downloaded pwasm-utils v0.12.0
[INFO] [stderr]   Downloaded wast v34.0.0
[INFO] [stderr]   Downloaded jemalloc-sys v0.3.2
[INFO] [stderr]   Downloaded openssl-src v111.14.0+1.1.1j
[INFO] [stderr]   Downloaded enumset_derive v0.5.4
[INFO] [stderr]   Downloaded wasmer-runtime-core-near v0.17.3
[INFO] [stderr]   Downloaded wasmtime-obj v0.25.0
[INFO] [stderr]   Downloaded wasmer-compiler-cranelift v1.0.2
[INFO] [stderr]   Downloaded darling v0.12.2
[INFO] [stderr]   Downloaded wasmer-vm v1.0.2
[INFO] [stderr]   Downloaded num-bigint v0.3.1
[INFO] [stderr]   Downloaded derive_more v0.99.11
[INFO] [stderr]   Downloaded wat v1.0.35
[INFO] [stderr]   Downloaded wasmer v1.0.2
[INFO] [stderr]   Downloaded wasmer-compiler-singlepass v1.0.2
[INFO] [stderr]   Downloaded darling_core v0.12.2
[INFO] [stderr]   Downloaded wasmer-engine-native v1.0.2
[INFO] [stderr]   Downloaded page_size v0.4.2
[INFO] [stderr]   Downloaded target-lexicon v0.10.0
[INFO] [stderr]   Downloaded wasmparser v0.51.4
[INFO] [stderr]   Downloaded wasmer-singlepass-backend-near v0.17.1
[INFO] [stderr]   Downloaded cranelift-entity v0.72.0
[INFO] [stderr]   Downloaded clang-sys v0.29.3
[INFO] [stderr]   Downloaded tokio-util v0.6.3
[INFO] [stderr]   Downloaded cookie v0.15.0
[INFO] [stderr]   Downloaded openssl-sys v0.9.60
[INFO] [stderr]   Downloaded zeroize v1.2.0
[INFO] [stderr]   Downloaded borsh-schema-derive-internal v0.8.1
[INFO] [stderr]   Downloaded ripemd160 v0.9.1
[INFO] [stderr]   Downloaded wasmer-compiler v1.0.2
[INFO] [stderr]   Downloaded cpp_demangle v0.3.2
[INFO] [stderr]   Downloaded cranelift-bforest v0.72.0
[INFO] [stderr]   Downloaded wasmtime-environ v0.25.0
[INFO] [stderr]   Downloaded which v3.1.1
[INFO] [stderr]   Downloaded arr_macro_impl v0.1.3
[INFO] [stderr]   Downloaded cached v0.23.0
[INFO] [stderr]   Downloaded ed25519 v1.0.3
[INFO] [stderr]   Downloaded uint v0.9.0
[INFO] [stderr]   Downloaded primitive-types v0.9.0
[INFO] [stderr]   Downloaded validator v0.12.0
[INFO] [stderr]   Downloaded wasmparser v0.65.0
[INFO] [stderr]   Downloaded wasmtime-cranelift v0.25.0
[INFO] [stderr]   Downloaded async-trait v0.1.42
[INFO] [stderr]   Downloaded near-rust-allocator-proxy v0.2.9
[INFO] [stderr]   Downloaded borsh-derive-internal v0.8.1
[INFO] [stderr]   Downloaded wasmer-derive v1.0.2
[INFO] [stderr]   Downloaded cranelift-bforest v0.68.0
[INFO] [stderr]   Downloaded hex v0.4.2
[INFO] [stderr]   Downloaded cranelift-entity v0.68.0
[INFO] [stderr]   Downloaded borsh-derive v0.8.1
[INFO] [stderr]   Downloaded wasmer-object v1.0.2
[INFO] [stderr]   Downloaded errno-dragonfly v0.1.1
[INFO] [stderr]   Downloaded adler v1.0.1
[INFO] [stderr]   Downloaded wasm-bindgen-shared v0.2.70
[INFO] [stderr]   Downloaded actix_derive v0.6.0-beta.1
[INFO] [stderr]   Downloaded ethereum-types v0.11.0
[INFO] [stderr]   Downloaded rlp v0.5.0
[INFO] [stderr]   Downloaded cached_proc_macro_types v0.1.0
[INFO] [stderr]   Downloaded zeroize_derive v1.0.1
[INFO] [stderr]   Downloaded validator_types v0.12.0
[INFO] [stderr]   Downloaded borsh v0.8.1
[INFO] [stderr]   Downloaded typenum v1.12.0
[INFO] [stderr]   Downloaded jemallocator v0.3.2
[INFO] [stderr]   Downloaded byte-slice-cast v1.0.0
[INFO] [stderr]   Downloaded reed-solomon-erasure v4.0.2
[INFO] [stderr]   Downloaded elastic-array v0.11.0
[INFO] [stderr]   Downloaded cached_proc_macro v0.6.0
[INFO] [stderr]   Downloaded ethbloom v0.11.0
[INFO] [stderr]   Downloaded darling_macro v0.12.2
[INFO] [stderr]   Downloaded wasmer-runtime-near v0.17.1
[INFO] [stderr]   Downloaded wasmtime-profiling v0.25.0
[INFO] [stderr]   Downloaded postgres-types v0.2.1
[INFO] [stderr]   Downloaded pin-project-lite v0.2.4
[INFO] [stderr]   Downloaded serde v1.0.123
[INFO] [stderr]   Downloaded impl-rlp v0.3.0
[INFO] [stderr]   Downloaded signature v1.3.0
[INFO] [stderr]   Downloaded impl-codec v0.5.0
[INFO] [stderr]   Downloaded cranelift-codegen-shared v0.68.0
[INFO] [stderr]   Downloaded which v4.0.2
[INFO] [stderr]   Downloaded bincode v1.3.2
[INFO] [stderr]   Downloaded postgres-protocol v0.6.1
[INFO] [stderr]   Downloaded cranelift-frontend v0.68.0
[INFO] [stderr]   Downloaded dynasmrt v1.0.1
[INFO] [stderr]   Downloaded cranelift-codegen-shared v0.72.0
[INFO] [stderr]   Downloaded once_cell v1.7.0
[INFO] [stderr]   Downloaded postgres v0.19.1
[INFO] [stderr]   Downloaded syn v1.0.60
[INFO] [stderr]   Downloaded standback v0.2.15
[INFO] [stderr]   Downloaded tokio-postgres v0.7.2
[INFO] running `Command { std: "docker" "create" "-v" "/var/lib/crater-agent-workspace/builds/worker-7-tc1/target:/opt/rustwide/target:rw,Z" "-v" "/var/lib/crater-agent-workspace/builds/worker-7-tc1/source:/opt/rustwide/workdir:ro,Z" "-v" "/var/lib/crater-agent-workspace/cargo-home:/opt/rustwide/cargo-home:ro,Z" "-v" "/var/lib/crater-agent-workspace/rustup-home:/opt/rustwide/rustup-home:ro,Z" "-e" "SOURCE_DIR=/opt/rustwide/workdir" "-e" "CARGO_TARGET_DIR=/opt/rustwide/target" "-e" "CARGO_HOME=/opt/rustwide/cargo-home" "-e" "RUSTUP_HOME=/opt/rustwide/rustup-home" "-w" "/opt/rustwide/workdir" "-m" "1610612736" "--user" "0:0" "--network" "none" "ghcr.io/rust-lang/crates-build-env/linux@sha256:19e73879b68f455e41552ea35293514db52ea292d993f571636dbffedb77a1ee" "/opt/rustwide/cargo-home/bin/cargo" "+9610dfe5a9a731ced1ea4923ecbd0c57fe367898" "metadata" "--no-deps" "--format-version=1", kill_on_drop: false }`
[INFO] [stdout] 6e491fe7179e456a433aa71d32e8b0e654f3b328303150d84cea93dcd488a38c
[INFO] running `Command { std: "docker" "start" "-a" "6e491fe7179e456a433aa71d32e8b0e654f3b328303150d84cea93dcd488a38c", kill_on_drop: false }`
[INFO] running `Command { std: "docker" "inspect" "6e491fe7179e456a433aa71d32e8b0e654f3b328303150d84cea93dcd488a38c", kill_on_drop: false }`
[INFO] running `Command { std: "docker" "rm" "-f" "6e491fe7179e456a433aa71d32e8b0e654f3b328303150d84cea93dcd488a38c", kill_on_drop: false }`
[INFO] [stdout] 6e491fe7179e456a433aa71d32e8b0e654f3b328303150d84cea93dcd488a38c
[INFO] running `Command { std: "docker" "create" "-v" "/var/lib/crater-agent-workspace/builds/worker-7-tc1/target:/opt/rustwide/target:rw,Z" "-v" "/var/lib/crater-agent-workspace/builds/worker-7-tc1/source:/opt/rustwide/workdir:ro,Z" "-v" "/var/lib/crater-agent-workspace/cargo-home:/opt/rustwide/cargo-home:ro,Z" "-v" "/var/lib/crater-agent-workspace/rustup-home:/opt/rustwide/rustup-home:ro,Z" "-e" "SOURCE_DIR=/opt/rustwide/workdir" "-e" "CARGO_TARGET_DIR=/opt/rustwide/target" "-e" "CARGO_INCREMENTAL=0" "-e" "RUST_BACKTRACE=full" "-e" "RUSTFLAGS=--cap-lints=forbid" "-e" "RUSTDOCFLAGS=--cap-lints=forbid" "-e" "CARGO_HOME=/opt/rustwide/cargo-home" "-e" "RUSTUP_HOME=/opt/rustwide/rustup-home" "-w" "/opt/rustwide/workdir" "-m" "1610612736" "--user" "0:0" "--network" "none" "ghcr.io/rust-lang/crates-build-env/linux@sha256:19e73879b68f455e41552ea35293514db52ea292d993f571636dbffedb77a1ee" "/opt/rustwide/cargo-home/bin/cargo" "+9610dfe5a9a731ced1ea4923ecbd0c57fe367898" "check" "--frozen" "--all" "--all-targets" "--message-format=json", kill_on_drop: false }`
[INFO] [stdout] b723b2b0ae39876e0eb424d47002bba347476ae710a56f8c505fe4e9c7fb70ea
[INFO] running `Command { std: "docker" "start" "-a" "b723b2b0ae39876e0eb424d47002bba347476ae710a56f8c505fe4e9c7fb70ea", kill_on_drop: false }`
[INFO] [stderr]    Compiling proc-macro2 v1.0.24
[INFO] [stderr]    Compiling syn v1.0.60
[INFO] [stderr]    Compiling libc v0.2.86
[INFO] [stderr]    Compiling serde_derive v1.0.123
[INFO] [stderr]    Compiling serde v1.0.123
[INFO] [stderr]    Compiling version_check v0.9.2
[INFO] [stderr]     Checking ahash v0.4.7
[INFO] [stderr]    Compiling byteorder v1.3.4
[INFO] [stderr]    Compiling typenum v1.12.0
[INFO] [stderr]    Compiling indexmap v1.6.1
[INFO] [stderr]     Checking fallible-iterator v0.2.0
[INFO] [stderr]     Checking once_cell v1.7.0
[INFO] [stderr]     Checking stable_deref_trait v1.2.0
[INFO] [stderr]     Checking pin-project-lite v0.2.4
[INFO] [stderr]    Compiling crc32fast v1.2.1
[INFO] [stderr]     Checking futures-core v0.3.13
[INFO] [stderr]     Checking adler v1.0.1
[INFO] [stderr]     Checking block-padding v0.2.1
[INFO] [stderr]     Checking futures-sink v0.3.13
[INFO] [stderr]     Checking miniz_oxide v0.4.4
[INFO] [stderr]    Compiling cfg-if v0.1.10
[INFO] [stderr]     Checking subtle v2.4.0
[INFO] [stderr]     Checking hashbrown v0.9.1
[INFO] [stderr]     Checking lock_api v0.4.2
[INFO] [stderr]     Checking regex-syntax v0.6.22
[INFO] [stderr]    Compiling serde_json v1.0.63
[INFO] [stderr]     Checking tinyvec v1.1.1
[INFO] [stderr]     Checking thread_local v1.1.3
[INFO] [stderr]     Checking futures-task v0.3.13
[INFO] [stderr]     Checking futures-channel v0.3.13
[INFO] [stderr]    Compiling generic-array v0.14.4
[INFO] [stderr]     Checking unicode-bidi v0.3.4
[INFO] [stderr]    Compiling target-lexicon v0.11.2
[INFO] [stderr]     Checking futures-io v0.3.13
[INFO] [stderr]     Checking arrayvec v0.5.2
[INFO] [stderr]    Compiling tokio v1.5.0
[INFO] [stderr]     Checking hex v0.4.2
[INFO] [stderr]    Compiling num-traits v0.2.14
[INFO] [stderr]     Checking tracing-core v0.1.17
[INFO] [stderr]    Compiling glob v0.3.0
[INFO] [stderr]    Compiling radium v0.6.2
[INFO] [stderr]    Compiling crunchy v0.2.2
[INFO] [stderr]    Compiling num-integer v0.1.44
[INFO] [stderr]    Compiling memoffset v0.6.1
[INFO] [stderr]    Compiling quote v1.0.9
[INFO] [stderr]    Compiling fs_extra v1.2.0
[INFO] [stderr]     Checking rustc-hex v2.1.0
[INFO] [stderr]    Compiling bitflags v1.2.1
[INFO] [stderr]    Compiling crossbeam-utils v0.8.3
[INFO] [stderr]     Checking wyz v0.2.0
[INFO] [stderr]     Checking tap v1.0.1
[INFO] [stderr]     Checking static_assertions v1.1.0
[INFO] [stderr]     Checking funty v1.1.0
[INFO] [stderr]     Checking unicode-normalization v0.1.17
[INFO] [stderr]     Checking rlp v0.5.0
[INFO] [stderr]     Checking byte-slice-cast v1.0.0
[INFO] [stderr]     Checking arrayref v0.3.6
[INFO] [stderr]    Compiling tiny-keccak v2.0.2
[INFO] [stderr]    Compiling memchr v2.3.4
[INFO] [stderr]    Compiling num-bigint v0.3.1
[INFO] [stderr]     Checking more-asserts v0.2.1
[INFO] [stderr]     Checking rustc-hash v1.1.0
[INFO] [stderr]     Checking uint v0.9.0
[INFO] [stderr]     Checking impl-rlp v0.3.0
[INFO] [stderr]     Checking itertools v0.10.0
[INFO] [stderr]    Compiling ryu v1.0.5
[INFO] [stderr]    Compiling num-rational v0.3.2
[INFO] [stderr]     Checking signature v1.3.0
[INFO] [stderr]     Checking bitvec v0.20.1
[INFO] [stderr]    Compiling itoa v0.4.7
[INFO] [stderr]    Compiling clang-sys v0.29.3
[INFO] [stderr]     Checking getrandom v0.2.2
[INFO] [stderr]     Checking num_cpus v1.13.0
[INFO] [stderr]    Compiling jobserver v0.1.21
[INFO] [stderr]     Checking getrandom v0.1.16
[INFO] [stderr]     Checking parking_lot_core v0.8.3
[INFO] [stderr]     Checking mio v0.7.9
[INFO] [stderr]     Checking signal-hook-registry v1.3.0
[INFO] [stderr]     Checking rand_core v0.6.2
[INFO] [stderr]     Checking rand_core v0.5.1
[INFO] [stderr]    Compiling cc v1.0.67
[INFO] [stderr]     Checking digest v0.9.0
[INFO] [stderr]     Checking rand_chacha v0.3.0
[INFO] [stderr]     Checking block-buffer v0.9.0
[INFO] [stderr]     Checking parking_lot v0.11.1
[INFO] [stderr]     Checking crypto-mac v0.8.0
[INFO] [stderr]     Checking idna v0.2.2
[INFO] [stderr]     Checking rand_chacha v0.2.2
[INFO] [stderr]     Checking region v2.2.0
[INFO] [stderr]     Checking sha2 v0.9.3
[INFO] [stderr]     Checking cipher v0.2.5
[INFO] [stderr]     Checking ed25519 v1.0.3
[INFO] [stderr]     Checking rand v0.8.3
[INFO] [stderr]     Checking time v0.1.43
[INFO] [stderr]    Compiling nom v5.1.2
[INFO] [stderr]     Checking rand v0.7.3
[INFO] [stderr]     Checking bs58 v0.4.0
[INFO] [stderr]    Compiling reed-solomon-erasure v4.0.2
[INFO] [stderr]     Checking c2-chacha v0.3.1
[INFO] [stderr]     Checking regex v1.4.3
[INFO] [stderr]     Checking blake2 v0.9.1
[INFO] [stderr]     Checking crossbeam-channel v0.5.0
[INFO] [stderr]    Compiling atty v0.2.14
[INFO] [stderr]    Compiling aho-corasick v0.7.15
[INFO] [stderr]    Compiling quick-error v1.2.3
[INFO] [stderr]    Compiling unicode-width v0.1.8
[INFO] [stderr]     Checking url v2.2.1
[INFO] [stderr]     Checking validator_types v0.12.0
[INFO] [stderr]     Checking base64 v0.11.0
[INFO] [stderr]    Compiling log v0.4.14
[INFO] [stderr]    Compiling textwrap v0.11.0
[INFO] [stderr]    Compiling humantime v1.3.0
[INFO] [stderr]    Compiling vec_map v0.8.2
[INFO] [stderr]    Compiling nix v0.15.0
[INFO] [stderr]     Checking fixed-hash v0.7.0
[INFO] [stderr]    Compiling strsim v0.9.3
[INFO] [stderr]    Compiling strsim v0.8.0
[INFO] [stderr]    Compiling bindgen v0.54.0
[INFO] [stderr]    Compiling termcolor v1.1.2
[INFO] [stderr]    Compiling ansi_term v0.11.0
[INFO] [stderr]    Compiling which v3.1.1
[INFO] [stderr]    Compiling proc-macro-error-attr v1.0.4
[INFO] [stderr]    Compiling clap v2.33.3
[INFO] [stderr]    Compiling peeking_take_while v0.1.2
[INFO] [stderr]     Checking void v1.0.2
[INFO] [stderr]    Compiling lazycell v1.3.0
[INFO] [stderr]    Compiling shlex v0.1.1
[INFO] [stderr]    Compiling openssl-src v111.14.0+1.1.1j
[INFO] [stderr]    Compiling proc-macro-error v1.0.4
[INFO] [stderr]    Compiling jemalloc-sys v0.3.2
[INFO] [stderr]    Compiling parity-secp256k1 v0.7.0
[INFO] [stderr]    Compiling libloading v0.5.2
[INFO] [stderr]    Compiling standback v0.2.15
[INFO] [stderr]    Compiling event-listener v2.5.1
[INFO] [stderr]    Compiling wasmer-vm v1.0.2
[INFO] [stderr]    Compiling openssl-sys v0.9.60
[INFO] [stderr]    Compiling async-mutex v1.4.0
[INFO] [stderr]    Compiling heapsize v0.4.2
[INFO] [stderr]    Compiling protobuf v2.22.0
[INFO] [stderr]    Compiling cached_proc_macro_types v0.1.0
[INFO] [stderr]    Compiling anyhow v1.0.38
[INFO] [stderr]    Compiling paste v1.0.5
[INFO] [stderr]     Checking wasmparser v0.76.0
[INFO] [stderr]    Compiling failure_derive v0.1.8
[INFO] [stderr]    Compiling prometheus v0.11.0
[INFO] [stderr]     Checking bytesize v1.0.1
[INFO] [stderr]    Compiling blake3 v0.3.7
[INFO] [stderr]     Checking memmap2 v0.2.1
[INFO] [stderr]     Checking local-waker v0.1.1
[INFO] [stderr]    Compiling const_fn v0.4.5
[INFO] [stderr]     Checking wasmparser v0.65.0
[INFO] [stderr]    Compiling openssl v0.10.32
[INFO] [stderr]     Checking elastic-array v0.11.0
[INFO] [stderr]    Compiling cexpr v0.4.0
[INFO] [stderr]    Compiling brotli-sys v0.3.2
[INFO] [stderr]     Checking crossbeam-epoch v0.9.3
[INFO] [stderr]     Checking fs2 v0.4.3
[INFO] [stderr]     Checking http v0.2.3
[INFO] [stderr]    Compiling time v0.2.25
[INFO] [stderr]    Compiling semver-parser v0.7.0
[INFO] [stderr]    Compiling cranelift-codegen-shared v0.68.0
[INFO] [stderr]    Compiling semver v0.9.0
[INFO] [stderr]     Checking crossbeam-deque v0.8.0
[INFO] [stderr]     Checking actix-utils v3.0.0
[INFO] [stderr]     Checking actix-service v2.0.0
[INFO] [stderr]    Compiling psm v0.1.12
[INFO] [stderr]    Compiling ahash v0.7.0
[INFO] [stderr]    Compiling httparse v1.3.5
[INFO] [stderr]    Compiling env_logger v0.7.1
[INFO] [stderr]    Compiling autocfg v0.1.7
[INFO] [stderr]    Compiling synstructure v0.12.4
[INFO] [stderr]    Compiling borsh-schema-derive-internal v0.8.1
[INFO] [stderr]    Compiling borsh-derive-internal v0.8.1
[INFO] [stderr]    Compiling darling_core v0.10.2
[INFO] [stderr]    Compiling darling_core v0.12.2
[INFO] [stderr]    Compiling constant_time_eq v0.1.5
[INFO] [stderr]    Compiling rustc_version v0.2.3
[INFO] [stderr]     Checking rayon-core v1.9.0
[INFO] [stderr]    Compiling wasmtime-runtime v0.25.0
[INFO] [stderr]    Compiling cookie v0.15.0
[INFO] [stderr]     Checking bytestring v1.0.0
[INFO] [stderr]     Checking rand_core v0.4.2
[INFO] [stderr]    Compiling target-lexicon v0.10.0
[INFO] [stderr]     Checking rayon v1.5.0
[INFO] [stderr]     Checking sha-1 v0.9.4
[INFO] [stderr]     Checking parking_lot_core v0.7.2
[INFO] [stderr]     Checking flate2 v1.0.20
[INFO] [stderr]     Checking socket2 v0.4.0
[INFO] [stderr]     Checking generic-array v0.12.3
[INFO] [stderr]     Checking lock_api v0.3.4
[INFO] [stderr]     Checking leb128 v0.2.4
[INFO] [stderr]     Checking language-tags v0.2.2
[INFO] [stderr]     Checking parking_lot v0.10.2
[INFO] [stderr]     Checking digest v0.8.1
[INFO] [stderr]     Checking near-runtime-utils v3.0.0 (https://github.com/near/nearcore?rev=09b978c15a170a1082eabe9f275030a9e5b27382#09b978c1)
[INFO] [stderr]     Checking errno v0.2.7
[INFO] [stderr]     Checking page_size v0.4.2
[INFO] [stderr]    Compiling cpp_demangle v0.3.2
[INFO] [stderr]     Checking wasmparser v0.51.4
[INFO] [stderr]     Checking conqueue v0.4.0
[INFO] [stderr]    Compiling wasmer-compiler-cranelift v1.0.2
[INFO] [stderr]     Checking tempfile v3.2.0
[INFO] [stderr]     Checking wast v34.0.0
[INFO] [stderr]     Checking rand_core v0.3.1
[INFO] [stderr]     Checking libloading v0.6.7
[INFO] [stderr]     Checking keccak v0.1.0
[INFO] [stderr]     Checking ripemd160 v0.9.1
[INFO] [stderr]     Checking memmap v0.7.0
[INFO] [stderr]     Checking parity-wasm v0.41.0
[INFO] [stderr]     Checking sha3 v0.9.1
[INFO] [stderr]    Compiling doc-comment v0.3.3
[INFO] [stderr]    Compiling rand_chacha v0.1.1
[INFO] [stderr]    Compiling rand_pcg v0.1.2
[INFO] [stderr]     Checking threadpool v1.8.1
[INFO] [stderr]    Compiling sysinfo v0.14.3 (https://github.com/near/sysinfo?rev=3cb97ee79a02754407d2f0f63628f247d7c65e7b#3cb97ee7)
[INFO] [stderr]     Checking unicode-xid v0.2.1
[INFO] [stderr]    Compiling thiserror-impl v1.0.24
[INFO] [stderr]    Compiling futures-macro v0.3.13
[INFO] [stderr]    Compiling tokio-macros v1.1.0
[INFO] [stderr]    Compiling derive_more v0.99.11
[INFO] [stderr]    Compiling tracing-attributes v0.1.13
[INFO] [stderr]    Compiling zeroize_derive v1.0.1
[INFO] [stderr]    Compiling actix-macros v0.2.0
[INFO] [stderr]    Compiling smart-default v0.6.0
[INFO] [stderr]    Compiling easy-ext v0.2.6
[INFO] [stderr]    Compiling darling_macro v0.10.2
[INFO] [stderr]     Checking zeroize v1.2.0
[INFO] [stderr]     Checking curve25519-dalek v3.0.2
[INFO] [stderr]     Checking futures-util v0.3.13
[INFO] [stderr]    Compiling darling_macro v0.12.2
[INFO] [stderr]    Compiling async-trait v0.1.42
[INFO] [stderr]     Checking thiserror v1.0.24
[INFO] [stderr]    Compiling strum_macros v0.20.1
[INFO] [stderr]    Compiling time-macros-impl v0.1.1
[INFO] [stderr]     Checking tracing v0.1.25
[INFO] [stderr]    Compiling darling v0.10.2
[INFO] [stderr]    Compiling cached_proc_macro v0.6.0
[INFO] [stderr]    Compiling arr_macro_impl v0.1.3
[INFO] [stderr]    Compiling darling v0.12.2
[INFO] [stderr]    Compiling enumset_derive v0.5.4
[INFO] [stderr]    Compiling pin-project-internal v1.0.5
[INFO] [stderr]     Checking arr_macro v0.1.3
[INFO] [stderr]     Checking near-metrics v0.1.0 (https://github.com/near/nearcore?rev=09b978c15a170a1082eabe9f275030a9e5b27382#09b978c1)
[INFO] [stderr]     Checking time-macros v0.1.1
[INFO] [stderr]    Compiling actix_derive v0.6.0-beta.1
[INFO] [stderr]    Compiling dynasm v1.0.1
[INFO] [stderr]    Compiling near-performance-metrics-macros v0.1.0 (https://github.com/near/nearcore?rev=09b978c15a170a1082eabe9f275030a9e5b27382#09b978c1)
[INFO] [stderr]    Compiling librocksdb-sys v6.11.4
[INFO] [stderr]     Checking enumset v1.0.5
[INFO] [stderr]     Checking which v4.0.2
[INFO] [stderr]     Checking strum v0.20.0
[INFO] [stderr]    Compiling actix-web-codegen v0.5.0-beta.2
[INFO] [stderr]     Checking wat v1.0.35
[INFO] [stderr]    Compiling wasmer-derive v1.0.2
[INFO] [stderr]     Checking pwasm-utils v0.12.0
[INFO] [stderr]    Compiling rand v0.6.5
[INFO] [stderr]     Checking crypto-mac v0.10.1
[INFO] [stderr]     Checking uuid v0.8.2
[INFO] [stderr]     Checking ansi_term v0.12.1
[INFO] [stderr]     Checking futures-executor v0.3.13
[INFO] [stderr]     Checking local-channel v0.1.2
[INFO] [stderr]     Checking futures v0.3.13
[INFO] [stderr]    Compiling slash-formatter v3.1.1
[INFO] [stderr]     Checking cached v0.23.0
[INFO] [stderr]     Checking pin-project v1.0.5
[INFO] [stderr]     Checking hmac v0.10.1
[INFO] [stderr]     Checking rand_isaac v0.1.1
[INFO] [stderr]     Checking rand_xorshift v0.1.1
[INFO] [stderr]     Checking tokio-util v0.6.3
[INFO] [stderr]     Checking actix-rt v2.2.0
[INFO] [stderr]     Checking tokio-stream v0.1.3
[INFO] [stderr]     Checking rand_hc v0.1.0
[INFO] [stderr]     Checking rand_jitter v0.1.4
[INFO] [stderr]     Checking md-5 v0.9.1
[INFO] [stderr]     Checking stringprep v0.1.2
[INFO] [stderr]     Checking concat-with v0.2.5
[INFO] [stderr]     Checking siphasher v0.3.6
[INFO] [stderr]     Checking actix-codec v0.4.0-beta.1
[INFO] [stderr]     Checking actix v0.11.0-beta.2
[INFO] [stderr]     Checking postgres-protocol v0.6.1
[INFO] [stderr]     Checking dirs-sys v0.3.5
[INFO] [stderr]     Checking phf_shared v0.8.0
[INFO] [stderr]     Checking regex-automata v0.1.9
[INFO] [stderr]     Checking dirs v3.0.1
[INFO] [stderr]     Checking phf v0.8.0
[INFO] [stderr]     Checking actix-server v2.0.0-beta.3
[INFO] [stderr]    Compiling async-recursion v0.3.2
[INFO] [stderr]    Compiling clap_derive v3.0.0-beta.2
[INFO] [stderr]     Checking textwrap v0.12.1
[INFO] [stderr]     Checking tracing-log v0.1.2
[INFO] [stderr]     Checking sharded-slab v0.1.1
[INFO] [stderr]     Checking postgres-types v0.2.1
[INFO] [stderr]     Checking os_str_bytes v2.4.0
[INFO] [stderr]     Checking tokio-postgres v0.7.2
[INFO] [stderr]     Checking matchers v0.0.1
[INFO] [stderr]    Compiling wasmer-runtime-core-near v0.17.3
[INFO] [stderr]     Checking postgres v0.19.1
[INFO] [stderr] error: could not compile `dynasm` (lib)
[INFO] [stderr] 
[INFO] [stderr] Caused by:
[INFO] [stderr]   process didn't exit successfully: `/opt/rustwide/rustup-home/toolchains/9610dfe5a9a731ced1ea4923ecbd0c57fe367898/bin/rustc --crate-name dynasm --edition=2018 /opt/rustwide/cargo-home/registry/src/index.crates.io-6f17d22bba15001f/dynasm-1.0.1/src/lib.rs --error-format=json --json=diagnostic-rendered-ansi,artifacts,future-incompat --crate-type proc-macro --emit=dep-info,link -C prefer-dynamic -C embed-bitcode=no -C debuginfo=0 --cfg 'feature="default"' -C metadata=208c08200914a0b8 -C extra-filename=-208c08200914a0b8 --out-dir /opt/rustwide/target/debug/deps -L dependency=/opt/rustwide/target/debug/deps --extern bitflags=/opt/rustwide/target/debug/deps/libbitflags-b708b3c7daee39b6.rlib --extern byteorder=/opt/rustwide/target/debug/deps/libbyteorder-9e2d9db4c8ac09de.rlib --extern lazy_static=/opt/rustwide/target/debug/deps/liblazy_static-7e4f2b5e1cc2a349.rlib --extern proc_macro_error=/opt/rustwide/target/debug/deps/libproc_macro_error-59da31d47e78b86c.rlib --extern proc_macro2=/opt/rustwide/target/debug/deps/libproc_macro2-d70624e83be81f23.rlib --extern quote=/opt/rustwide/target/debug/deps/libquote-d4c34d4d411d7bab.rlib --extern syn=/opt/rustwide/target/debug/deps/libsyn-ca482985982c4416.rlib --extern proc_macro --cap-lints allow --cap-lints=forbid` (signal: 9, SIGKILL: kill)
[INFO] [stderr] warning: build failed, waiting for other jobs to finish...
[INFO] [stderr] error: failed to run custom build command for `jemalloc-sys v0.3.2`
[INFO] [stderr] note: To improve backtraces for build dependencies, set the CARGO_PROFILE_DEV_BUILD_OVERRIDE_DEBUG=true environment variable to enable debug information generation.
[INFO] [stderr] 
[INFO] [stderr] Caused by:
[INFO] [stderr]   process didn't exit successfully: `/opt/rustwide/target/debug/build/jemalloc-sys-95f5498eacb4f186/build-script-build` (exit status: 101)
[INFO] [stderr]   --- stdout
[INFO] [stderr]   TARGET=x86_64-unknown-linux-gnu
[INFO] [stderr]   HOST=x86_64-unknown-linux-gnu
[INFO] [stderr]   NUM_JOBS=16
[INFO] [stderr]   OUT_DIR="/opt/rustwide/target/debug/build/jemalloc-sys-52a709ae65729acd/out"
[INFO] [stderr]   BUILD_DIR="/opt/rustwide/target/debug/build/jemalloc-sys-52a709ae65729acd/out/build"
[INFO] [stderr]   SRC_DIR="/opt/rustwide/cargo-home/registry/src/index.crates.io-6f17d22bba15001f/jemalloc-sys-0.3.2"
[INFO] [stderr]   OPT_LEVEL = Some("0")
[INFO] [stderr]   TARGET = Some("x86_64-unknown-linux-gnu")
[INFO] [stderr]   HOST = Some("x86_64-unknown-linux-gnu")
[INFO] [stderr]   CC_x86_64-unknown-linux-gnu = None
[INFO] [stderr]   CC_x86_64_unknown_linux_gnu = None
[INFO] [stderr]   HOST_CC = None
[INFO] [stderr]   CC = None
[INFO] [stderr]   CFLAGS_x86_64-unknown-linux-gnu = None
[INFO] [stderr]   CFLAGS_x86_64_unknown_linux_gnu = None
[INFO] [stderr]   HOST_CFLAGS = None
[INFO] [stderr]   CFLAGS = None
[INFO] [stderr]   CRATE_CC_NO_DEFAULTS = None
[INFO] [stderr]   DEBUG = Some("true")
[INFO] [stderr]   CARGO_CFG_TARGET_FEATURE = Some("fxsr,sse,sse2")
[INFO] [stderr]   CC="cc"
[INFO] [stderr]   CFLAGS="-O0 -ffunction-sections -fdata-sections -fPIC -g -fno-omit-frame-pointer -m64 -Wall"
[INFO] [stderr]   JEMALLOC_REPO_DIR="jemalloc"
[INFO] [stderr]   JEMALLOC_SRC_DIR="/opt/rustwide/target/debug/build/jemalloc-sys-52a709ae65729acd/out/jemalloc"
[INFO] [stderr]   cargo:rustc-cfg=prefixed
[INFO] [stderr]   --with-jemalloc-prefix=_rjem_
[INFO] [stderr]   running: cd "/opt/rustwide/target/debug/build/jemalloc-sys-52a709ae65729acd/out/build" && CC="cc" CFLAGS="-O0 -ffunction-sections -fdata-sections -fPIC -g -fno-omit-frame-pointer -m64 -Wall" CPPFLAGS="-O0 -ffunction-sections -fdata-sections -fPIC -g -fno-omit-frame-pointer -m64 -Wall" LDFLAGS="-O0 -ffunction-sections -fdata-sections -fPIC -g -fno-omit-frame-pointer -m64 -Wall" "sh" "/opt/rustwide/target/debug/build/jemalloc-sys-52a709ae65729acd/out/jemalloc/configure" "--disable-cxx" "--with-jemalloc-prefix=_rjem_" "--with-private-namespace=_rjem_" "--host=x86_64-unknown-linux-gnu" "--build=x86_64-unknown-linux-gnu" "--prefix=/opt/rustwide/target/debug/build/jemalloc-sys-52a709ae65729acd/out"
[INFO] [stderr]   checking for xsltproc... false
[INFO] [stderr]   checking for x86_64-unknown-linux-gnu-gcc... cc
[INFO] [stderr]   checking whether the C compiler works... yes
[INFO] [stderr]   checking for C compiler default output file name... a.out
[INFO] [stderr]   checking for suffix of executables... 
[INFO] [stderr]   checking whether we are cross compiling... no
[INFO] [stderr]   checking for suffix of object files... o
[INFO] [stderr]   checking whether we are using the GNU C compiler... yes
[INFO] [stderr]   checking whether cc accepts -g... yes
[INFO] [stderr]   checking for cc option to accept ISO C89... none needed
[INFO] [stderr]   checking whether compiler is cray... no
[INFO] [stderr]   checking whether compiler supports -std=gnu11... yes
[INFO] [stderr]   checking whether compiler supports -Wall... yes
[INFO] [stderr]   checking whether compiler supports -Wshorten-64-to-32... no
[INFO] [stderr]   checking whether compiler supports -Wsign-compare... yes
[INFO] [stderr]   checking whether compiler supports -Wundef... yes
[INFO] [stderr]   checking whether compiler supports -Wno-format-zero-length... yes
[INFO] [stderr]   checking whether compiler supports -pipe... yes
[INFO] [stderr]   checking whether compiler supports -g3... yes
[INFO] [stderr]   checking how to run the C preprocessor... cc -E
[INFO] [stderr]   checking for grep that handles long lines and -e... /usr/bin/grep
[INFO] [stderr]   checking for egrep... /usr/bin/grep -E
[INFO] [stderr]   checking for ANSI C header files... yes
[INFO] [stderr]   checking for sys/types.h... yes
[INFO] [stderr]   checking for sys/stat.h... yes
[INFO] [stderr]   checking for stdlib.h... yes
[INFO] [stderr]   checking for string.h... yes
[INFO] [stderr]   checking for memory.h... yes
[INFO] [stderr]   checking for strings.h... yes
[INFO] [stderr]   checking for inttypes.h... yes
[INFO] [stderr]   checking for stdint.h... yes
[INFO] [stderr]   checking for unistd.h... yes
[INFO] [stderr]   checking whether byte ordering is bigendian... no
[INFO] [stderr]   checking size of void *... 8
[INFO] [stderr]   checking size of int... 4
[INFO] [stderr]   checking size of long... 8
[INFO] [stderr]   checking size of long long... 8
[INFO] [stderr]   checking size of intmax_t... 8
[INFO] [stderr]   checking build system type... x86_64-unknown-linux-gnu
[INFO] [stderr]   checking host system type... x86_64-unknown-linux-gnu
[INFO] [stderr]   checking whether pause instruction is compilable... yes
[INFO] [stderr]   checking number of significant virtual address bits... 48
[INFO] [stderr]   checking for x86_64-unknown-linux-gnu-ar... no
[INFO] [stderr]   checking for ar... ar
[INFO] [stderr]   checking for x86_64-unknown-linux-gnu-nm... no
[INFO] [stderr]   checking for nm... nm
[INFO] [stderr]   checking for gawk... no
[INFO] [stderr]   checking for mawk... mawk
[INFO] [stderr]   checking malloc.h usability... yes
[INFO] [stderr]   checking malloc.h presence... yes
[INFO] [stderr]   checking for malloc.h... yes
[INFO] [stderr]   checking whether malloc_usable_size definition can use const argument... no
[INFO] [stderr]   checking for library containing log... -lm
[INFO] [stderr]   checking whether __attribute__ syntax is compilable... yes
[INFO] [stderr]   checking whether compiler supports -fvisibility=hidden... yes
[INFO] [stderr]   checking whether compiler supports -fvisibility=hidden... no
[INFO] [stderr]   checking whether compiler supports -Werror... yes
[INFO] [stderr]   checking whether compiler supports -herror_on_warning... yes
[INFO] [stderr]   checking whether tls_model attribute is compilable... yes
[INFO] [stderr]   checking whether compiler supports -Werror... yes
[INFO] [stderr]   checking whether compiler supports -herror_on_warning... yes
[INFO] [stderr]   checking whether alloc_size attribute is compilable... yes
[INFO] [stderr]   checking whether compiler supports -Werror... yes
[INFO] [stderr]   checking whether compiler supports -herror_on_warning... yes
[INFO] [stderr]   checking whether format(gnu_printf, ...) attribute is compilable... yes
[INFO] [stderr]   checking whether compiler supports -Werror... yes
[INFO] [stderr]   checking whether compiler supports -herror_on_warning... yes
[INFO] [stderr]   checking whether format(printf, ...) attribute is compilable... yes
[INFO] [stderr]   checking for a BSD-compatible install... /usr/bin/install -c
[INFO] [stderr]   checking for x86_64-unknown-linux-gnu-ranlib... no
[INFO] [stderr]   checking for ranlib... ranlib
[INFO] [stderr]   checking for ld... /usr/bin/ld
[INFO] [stderr]   checking for autoconf... /usr/bin/autoconf
[INFO] [stderr]   checking for memalign... yes
[INFO] [stderr]   checking for valloc... yes
[INFO] [stderr]   checking whether compiler supports -O3... yes
[INFO] [stderr]   checking whether compiler supports -O3... no
[INFO] [stderr]   checking whether compiler supports -funroll-loops... yes
[INFO] [stderr]   checking configured backtracing method... N/A
[INFO] [stderr]   checking for sbrk... yes
[INFO] [stderr]   checking whether utrace(2) is compilable... no
[INFO] [stderr]   checking whether a program using __builtin_unreachable is compilable... yes
[INFO] [stderr]   checking whether a program using __builtin_ffsl is compilable... yes
[INFO] [stderr]   checking LG_PAGE... 12
[INFO] [stderr]   Missing VERSION file, and unable to generate it; creating bogus VERSION
[INFO] [stderr]   checking pthread.h usability... yes
[INFO] [stderr]   checking pthread.h presence... yes
[INFO] [stderr]   checking for pthread.h... yes
[INFO] [stderr]   checking for pthread_create in -lpthread... yes
[INFO] [stderr]   checking dlfcn.h usability... yes
[INFO] [stderr]   checking dlfcn.h presence... yes
[INFO] [stderr]   checking for dlfcn.h... yes
[INFO] [stderr]   checking for dlsym... yes
[INFO] [stderr]   checking whether pthread_atfork(3) is compilable... yes
[INFO] [stderr]   checking whether pthread_setname_np(3) is compilable... yes
[INFO] [stderr]   checking for library containing clock_gettime... none required
[INFO] [stderr]   checking whether clock_gettime(CLOCK_MONOTONIC_COARSE, ...) is compilable... yes
[INFO] [stderr]   checking whether clock_gettime(CLOCK_MONOTONIC, ...) is compilable... yes
[INFO] [stderr]   checking whether mach_absolute_time() is compilable... no
[INFO] [stderr]   checking whether compiler supports -Werror... yes
[INFO] [stderr]   checking whether syscall(2) is compilable... yes
[INFO] [stderr]   checking for secure_getenv... yes
[INFO] [stderr]   checking for sched_getcpu... yes
[INFO] [stderr]   checking for sched_setaffinity... yes
[INFO] [stderr]   checking for issetugid... no
[INFO] [stderr]   checking for _malloc_thread_cleanup... no
[INFO] [stderr]   checking for _pthread_mutex_init_calloc_cb... no
[INFO] [stderr]   checking for TLS... yes
[INFO] [stderr]   checking whether C11 atomics is compilable... yes
[INFO] [stderr]   checking whether GCC __atomic atomics is compilable... yes
[INFO] [stderr]   checking whether GCC __sync atomics is compilable... yes
[INFO] [stderr]   checking whether Darwin OSAtomic*() is compilable... no
[INFO] [stderr]   checking whether madvise(2) is compilable... yes
[INFO] [stderr]   checking whether madvise(..., MADV_FREE) is compilable... yes
[INFO] [stderr]   checking whether madvise(..., MADV_DONTNEED) is compilable... yes
[INFO] [stderr]   checking whether madvise(..., MADV_DO[NT]DUMP) is compilable... yes
[INFO] [stderr]   checking whether madvise(..., MADV_[NO]HUGEPAGE) is compilable... yes
[INFO] [stderr]   checking whether to force 32-bit __sync_{add,sub}_and_fetch()... no
[INFO] [stderr]   checking whether to force 64-bit __sync_{add,sub}_and_fetch()... no
[INFO] [stderr]   checking for __builtin_clz... yes
[INFO] [stderr]   checking whether Darwin os_unfair_lock_*() is compilable... no
[INFO] [stderr]   checking whether Darwin OSSpin*() is compilable... no
[INFO] [stderr]   checking whether glibc malloc hook is compilable... no
[INFO] [stderr]   checking whether glibc memalign hook is compilable... no
[INFO] [stderr]   checking whether pthreads adaptive mutexes is compilable... yes
[INFO] [stderr]   checking whether compiler supports -D_GNU_SOURCE... yes
[INFO] [stderr]   checking whether compiler supports -Werror... yes
[INFO] [stderr]   checking whether compiler supports -herror_on_warning... yes
[INFO] [stderr]   checking whether strerror_r returns char with gnu source is compilable... yes
[INFO] [stderr]   checking for stdbool.h that conforms to C99... yes
[INFO] [stderr]   checking for _Bool... yes
[INFO] [stderr]   configure: creating ./config.status
[INFO] [stderr]   config.status: creating Makefile
[INFO] [stderr]   config.status: creating jemalloc.pc
[INFO] [stderr]   config.status: creating doc/html.xsl
[INFO] [stderr]   config.status: creating doc/manpages.xsl
[INFO] [stderr]   config.status: creating doc/jemalloc.xml
[INFO] [stderr]   config.status: creating include/jemalloc/jemalloc_macros.h
[INFO] [stderr]   config.status: creating include/jemalloc/jemalloc_protos.h
[INFO] [stderr]   config.status: creating include/jemalloc/jemalloc_typedefs.h
[INFO] [stderr]   config.status: creating include/jemalloc/internal/jemalloc_preamble.h
[INFO] [stderr]   config.status: creating test/test.sh
[INFO] [stderr]   config.status: creating test/include/test/jemalloc_test.h
[INFO] [stderr]   config.status: creating config.stamp
[INFO] [stderr]   config.status: creating bin/jemalloc-config
[INFO] [stderr]   config.status: creating bin/jemalloc.sh
[INFO] [stderr]   config.status: creating bin/jeprof
[INFO] [stderr]   config.status: creating include/jemalloc/jemalloc_defs.h
[INFO] [stderr]   config.status: creating include/jemalloc/internal/jemalloc_internal_defs.h
[INFO] [stderr]   config.status: creating test/include/test/jemalloc_test_defs.h
[INFO] [stderr]   config.status: executing include/jemalloc/internal/public_symbols.txt commands
[INFO] [stderr]   config.status: executing include/jemalloc/internal/private_symbols.awk commands
[INFO] [stderr]   config.status: executing include/jemalloc/internal/private_symbols_jet.awk commands
[INFO] [stderr]   config.status: executing include/jemalloc/internal/public_namespace.h commands
[INFO] [stderr]   config.status: executing include/jemalloc/internal/public_unnamespace.h commands
[INFO] [stderr]   config.status: executing include/jemalloc/internal/size_classes.h commands
[INFO] [stderr]   config.status: executing include/jemalloc/jemalloc_protos_jet.h commands
[INFO] [stderr]   config.status: executing include/jemalloc/jemalloc_rename.h commands
[INFO] [stderr]   config.status: executing include/jemalloc/jemalloc_mangle.h commands
[INFO] [stderr]   config.status: executing include/jemalloc/jemalloc_mangle_jet.h commands
[INFO] [stderr]   config.status: executing include/jemalloc/jemalloc.h commands
[INFO] [stderr]   ===============================================================================
[INFO] [stderr]   jemalloc version   : 0.0.0-0-g0000000000000000000000000000000000000000
[INFO] [stderr]   library revision   : 2
[INFO] [stderr] 
[INFO] [stderr]   CONFIG             : --disable-cxx --with-jemalloc-prefix=_rjem_ --with-private-namespace=_rjem_ --host=x86_64-unknown-linux-gnu --build=x86_64-unknown-linux-gnu --prefix=/opt/rustwide/target/debug/build/jemalloc-sys-52a709ae65729acd/out build_alias=x86_64-unknown-linux-gnu host_alias=x86_64-unknown-linux-gnu CC=cc 'CFLAGS=-O0 -ffunction-sections -fdata-sections -fPIC -g -fno-omit-frame-pointer -m64 -Wall' 'LDFLAGS=-O0 -ffunction-sections -fdata-sections -fPIC -g -fno-omit-frame-pointer -m64 -Wall' 'CPPFLAGS=-O0 -ffunction-sections -fdata-sections -fPIC -g -fno-omit-frame-pointer -m64 -Wall'
[INFO] [stderr]   CC                 : cc
[INFO] [stderr]   CONFIGURE_CFLAGS   : -std=gnu11 -Wall -Wsign-compare -Wundef -Wno-format-zero-length -pipe -g3 -fvisibility=hidden -O3 -funroll-loops
[INFO] [stderr]   SPECIFIED_CFLAGS   : -O0 -ffunction-sections -fdata-sections -fPIC -g -fno-omit-frame-pointer -m64 -Wall
[INFO] [stderr]   EXTRA_CFLAGS       : 
[INFO] [stderr]   CPPFLAGS           : -O0 -ffunction-sections -fdata-sections -fPIC -g -fno-omit-frame-pointer -m64 -Wall -D_GNU_SOURCE -D_REENTRANT
[INFO] [stderr]   CXX                : 
[INFO] [stderr]   CONFIGURE_CXXFLAGS : 
[INFO] [stderr]   SPECIFIED_CXXFLAGS : 
[INFO] [stderr]   EXTRA_CXXFLAGS     : 
[INFO] [stderr]   LDFLAGS            : -O0 -ffunction-sections -fdata-sections -fPIC -g -fno-omit-frame-pointer -m64 -Wall
[INFO] [stderr]   EXTRA_LDFLAGS      : 
[INFO] [stderr]   DSO_LDFLAGS        : -shared -Wl,-soname,$(@F)
[INFO] [stderr]   LIBS               : -lm  -lpthread
[INFO] [stderr]   RPATH_EXTRA        : 
[INFO] [stderr] 
[INFO] [stderr]   XSLTPROC           : false
[INFO] [stderr]   XSLROOT            : 
[INFO] [stderr] 
[INFO] [stderr]   PREFIX             : /opt/rustwide/target/debug/build/jemalloc-sys-52a709ae65729acd/out
[INFO] [stderr]   BINDIR             : /opt/rustwide/target/debug/build/jemalloc-sys-52a709ae65729acd/out/bin
[INFO] [stderr]   DATADIR            : /opt/rustwide/target/debug/build/jemalloc-sys-52a709ae65729acd/out/share
[INFO] [stderr]   INCLUDEDIR         : /opt/rustwide/target/debug/build/jemalloc-sys-52a709ae65729acd/out/include
[INFO] [stderr]   LIBDIR             : /opt/rustwide/target/debug/build/jemalloc-sys-52a709ae65729acd/out/lib
[INFO] [stderr]   MANDIR             : /opt/rustwide/target/debug/build/jemalloc-sys-52a709ae65729acd/out/share/man
[INFO] [stderr] 
[INFO] [stderr]   srcroot            : /opt/rustwide/target/debug/build/jemalloc-sys-52a709ae65729acd/out/jemalloc/
[INFO] [stderr]   abs_srcroot        : /opt/rustwide/target/debug/build/jemalloc-sys-52a709ae65729acd/out/jemalloc/
[INFO] [stderr]   objroot            : 
[INFO] [stderr]   abs_objroot        : /opt/rustwide/target/debug/build/jemalloc-sys-52a709ae65729acd/out/build/
[INFO] [stderr] 
[INFO] [stderr]   JEMALLOC_PREFIX    : _rjem_
[INFO] [stderr]   JEMALLOC_PRIVATE_NAMESPACE
[INFO] [stderr]                      : _rjem_je_
[INFO] [stderr]   install_suffix     : 
[INFO] [stderr]   malloc_conf        : 
[INFO] [stderr]   autogen            : 0
[INFO] [stderr]   debug              : 0
[INFO] [stderr]   stats              : 1
[INFO] [stderr]   prof               : 0
[INFO] [stderr]   prof-libunwind     : 0
[INFO] [stderr]   prof-libgcc        : 0
[INFO] [stderr]   prof-gcc           : 0
[INFO] [stderr]   fill               : 1
[INFO] [stderr]   utrace             : 0
[INFO] [stderr]   xmalloc            : 0
[INFO] [stderr]   log                : 0
[INFO] [stderr]   lazy_lock          : 0
[INFO] [stderr]   cache-oblivious    : 1
[INFO] [stderr]   cxx                : 0
[INFO] [stderr]   ===============================================================================
[INFO] [stderr]   running: cd "/opt/rustwide/target/debug/build/jemalloc-sys-52a709ae65729acd/out/build" && "make" "srcroot=../jemalloc/" "-j" "16"
[INFO] [stderr]   cc -std=gnu11 -Wall -Wsign-compare -Wundef -Wno-format-zero-length -pipe -g3 -fvisibility=hidden -O3 -funroll-loops -O0 -ffunction-sections -fdata-sections -fPIC -g -fno-omit-frame-pointer -m64 -Wall -fPIC -DPIC -c -O0 -ffunction-sections -fdata-sections -fPIC -g -fno-omit-frame-pointer -m64 -Wall -D_GNU_SOURCE -D_REENTRANT -Iinclude -I../jemalloc/include -DJEMALLOC_NO_PRIVATE_NAMESPACE -o src/jemalloc.sym.o ../jemalloc/src/jemalloc.c
[INFO] [stderr]   cc -std=gnu11 -Wall -Wsign-compare -Wundef -Wno-format-zero-length -pipe -g3 -fvisibility=hidden -O3 -funroll-loops -O0 -ffunction-sections -fdata-sections -fPIC -g -fno-omit-frame-pointer -m64 -Wall -fPIC -DPIC -c -O0 -ffunction-sections -fdata-sections -fPIC -g -fno-omit-frame-pointer -m64 -Wall -D_GNU_SOURCE -D_REENTRANT -Iinclude -I../jemalloc/include -DJEMALLOC_NO_PRIVATE_NAMESPACE -o src/arena.sym.o ../jemalloc/src/arena.c
[INFO] [stderr]   cc -std=gnu11 -Wall -Wsign-compare -Wundef -Wno-format-zero-length -pipe -g3 -fvisibility=hidden -O3 -funroll-loops -O0 -ffunction-sections -fdata-sections -fPIC -g -fno-omit-frame-pointer -m64 -Wall -fPIC -DPIC -c -O0 -ffunction-sections -fdata-sections -fPIC -g -fno-omit-frame-pointer -m64 -Wall -D_GNU_SOURCE -D_REENTRANT -Iinclude -I../jemalloc/include -DJEMALLOC_NO_PRIVATE_NAMESPACE -o src/background_thread.sym.o ../jemalloc/src/background_thread.c
[INFO] [stderr]   cc -std=gnu11 -Wall -Wsign-compare -Wundef -Wno-format-zero-length -pipe -g3 -fvisibility=hidden -O3 -funroll-loops -O0 -ffunction-sections -fdata-sections -fPIC -g -fno-omit-frame-pointer -m64 -Wall -fPIC -DPIC -c -O0 -ffunction-sections -fdata-sections -fPIC -g -fno-omit-frame-pointer -m64 -Wall -D_GNU_SOURCE -D_REENTRANT -Iinclude -I../jemalloc/include -DJEMALLOC_NO_PRIVATE_NAMESPACE -o src/base.sym.o ../jemalloc/src/base.c
[INFO] [stderr]   cc -std=gnu11 -Wall -Wsign-compare -Wundef -Wno-format-zero-length -pipe -g3 -fvisibility=hidden -O3 -funroll-loops -O0 -ffunction-sections -fdata-sections -fPIC -g -fno-omit-frame-pointer -m64 -Wall -fPIC -DPIC -c -O0 -ffunction-sections -fdata-sections -fPIC -g -fno-omit-frame-pointer -m64 -Wall -D_GNU_SOURCE -D_REENTRANT -Iinclude -I../jemalloc/include -DJEMALLOC_NO_PRIVATE_NAMESPACE -o src/bin.sym.o ../jemalloc/src/bin.c
[INFO] [stderr]   cc -std=gnu11 -Wall -Wsign-compare -Wundef -Wno-format-zero-length -pipe -g3 -fvisibility=hidden -O3 -funroll-loops -O0 -ffunction-sections -fdata-sections -fPIC -g -fno-omit-frame-pointer -m64 -Wall -fPIC -DPIC -c -O0 -ffunction-sections -fdata-sections -fPIC -g -fno-omit-frame-pointer -m64 -Wall -D_GNU_SOURCE -D_REENTRANT -Iinclude -I../jemalloc/include -DJEMALLOC_NO_PRIVATE_NAMESPACE -o src/bitmap.sym.o ../jemalloc/src/bitmap.c
[INFO] [stderr]   cc -std=gnu11 -Wall -Wsign-compare -Wundef -Wno-format-zero-length -pipe -g3 -fvisibility=hidden -O3 -funroll-loops -O0 -ffunction-sections -fdata-sections -fPIC -g -fno-omit-frame-pointer -m64 -Wall -fPIC -DPIC -c -O0 -ffunction-sections -fdata-sections -fPIC -g -fno-omit-frame-pointer -m64 -Wall -D_GNU_SOURCE -D_REENTRANT -Iinclude -I../jemalloc/include -DJEMALLOC_NO_PRIVATE_NAMESPACE -o src/ckh.sym.o ../jemalloc/src/ckh.c
[INFO] [stderr]   cc -std=gnu11 -Wall -Wsign-compare -Wundef -Wno-format-zero-length -pipe -g3 -fvisibility=hidden -O3 -funroll-loops -O0 -ffunction-sections -fdata-sections -fPIC -g -fno-omit-frame-pointer -m64 -Wall -fPIC -DPIC -c -O0 -ffunction-sections -fdata-sections -fPIC -g -fno-omit-frame-pointer -m64 -Wall -D_GNU_SOURCE -D_REENTRANT -Iinclude -I../jemalloc/include -DJEMALLOC_NO_PRIVATE_NAMESPACE -o src/ctl.sym.o ../jemalloc/src/ctl.c
[INFO] [stderr]   cc -std=gnu11 -Wall -Wsign-compare -Wundef -Wno-format-zero-length -pipe -g3 -fvisibility=hidden -O3 -funroll-loops -O0 -ffunction-sections -fdata-sections -fPIC -g -fno-omit-frame-pointer -m64 -Wall -fPIC -DPIC -c -O0 -ffunction-sections -fdata-sections -fPIC -g -fno-omit-frame-pointer -m64 -Wall -D_GNU_SOURCE -D_REENTRANT -Iinclude -I../jemalloc/include -DJEMALLOC_NO_PRIVATE_NAMESPACE -o src/div.sym.o ../jemalloc/src/div.c
[INFO] [stderr]   cc -std=gnu11 -Wall -Wsign-compare -Wundef -Wno-format-zero-length -pipe -g3 -fvisibility=hidden -O3 -funroll-loops -O0 -ffunction-sections -fdata-sections -fPIC -g -fno-omit-frame-pointer -m64 -Wall -fPIC -DPIC -c -O0 -ffunction-sections -fdata-sections -fPIC -g -fno-omit-frame-pointer -m64 -Wall -D_GNU_SOURCE -D_REENTRANT -Iinclude -I../jemalloc/include -DJEMALLOC_NO_PRIVATE_NAMESPACE -o src/extent.sym.o ../jemalloc/src/extent.c
[INFO] [stderr]   cc -std=gnu11 -Wall -Wsign-compare -Wundef -Wno-format-zero-length -pipe -g3 -fvisibility=hidden -O3 -funroll-loops -O0 -ffunction-sections -fdata-sections -fPIC -g -fno-omit-frame-pointer -m64 -Wall -fPIC -DPIC -c -O0 -ffunction-sections -fdata-sections -fPIC -g -fno-omit-frame-pointer -m64 -Wall -D_GNU_SOURCE -D_REENTRANT -Iinclude -I../jemalloc/include -DJEMALLOC_NO_PRIVATE_NAMESPACE -o src/extent_dss.sym.o ../jemalloc/src/extent_dss.c
[INFO] [stderr]   cc -std=gnu11 -Wall -Wsign-compare -Wundef -Wno-format-zero-length -pipe -g3 -fvisibility=hidden -O3 -funroll-loops -O0 -ffunction-sections -fdata-sections -fPIC -g -fno-omit-frame-pointer -m64 -Wall -fPIC -DPIC -c -O0 -ffunction-sections -fdata-sections -fPIC -g -fno-omit-frame-pointer -m64 -Wall -D_GNU_SOURCE -D_REENTRANT -Iinclude -I../jemalloc/include -DJEMALLOC_NO_PRIVATE_NAMESPACE -o src/extent_mmap.sym.o ../jemalloc/src/extent_mmap.c
[INFO] [stderr]   cc -std=gnu11 -Wall -Wsign-compare -Wundef -Wno-format-zero-length -pipe -g3 -fvisibility=hidden -O3 -funroll-loops -O0 -ffunction-sections -fdata-sections -fPIC -g -fno-omit-frame-pointer -m64 -Wall -fPIC -DPIC -c -O0 -ffunction-sections -fdata-sections -fPIC -g -fno-omit-frame-pointer -m64 -Wall -D_GNU_SOURCE -D_REENTRANT -Iinclude -I../jemalloc/include -DJEMALLOC_NO_PRIVATE_NAMESPACE -o src/hash.sym.o ../jemalloc/src/hash.c
[INFO] [stderr]   cc -std=gnu11 -Wall -Wsign-compare -Wundef -Wno-format-zero-length -pipe -g3 -fvisibility=hidden -O3 -funroll-loops -O0 -ffunction-sections -fdata-sections -fPIC -g -fno-omit-frame-pointer -m64 -Wall -fPIC -DPIC -c -O0 -ffunction-sections -fdata-sections -fPIC -g -fno-omit-frame-pointer -m64 -Wall -D_GNU_SOURCE -D_REENTRANT -Iinclude -I../jemalloc/include -DJEMALLOC_NO_PRIVATE_NAMESPACE -o src/hooks.sym.o ../jemalloc/src/hooks.c
[INFO] [stderr]   cc -std=gnu11 -Wall -Wsign-compare -Wundef -Wno-format-zero-length -pipe -g3 -fvisibility=hidden -O3 -funroll-loops -O0 -ffunction-sections -fdata-sections -fPIC -g -fno-omit-frame-pointer -m64 -Wall -fPIC -DPIC -c -O0 -ffunction-sections -fdata-sections -fPIC -g -fno-omit-frame-pointer -m64 -Wall -D_GNU_SOURCE -D_REENTRANT -Iinclude -I../jemalloc/include -DJEMALLOC_NO_PRIVATE_NAMESPACE -o src/large.sym.o ../jemalloc/src/large.c
[INFO] [stderr]   cc -std=gnu11 -Wall -Wsign-compare -Wundef -Wno-format-zero-length -pipe -g3 -fvisibility=hidden -O3 -funroll-loops -O0 -ffunction-sections -fdata-sections -fPIC -g -fno-omit-frame-pointer -m64 -Wall -fPIC -DPIC -c -O0 -ffunction-sections -fdata-sections -fPIC -g -fno-omit-frame-pointer -m64 -Wall -D_GNU_SOURCE -D_REENTRANT -Iinclude -I../jemalloc/include -DJEMALLOC_NO_PRIVATE_NAMESPACE -o src/log.sym.o ../jemalloc/src/log.c
[INFO] [stderr]   cc -std=gnu11 -Wall -Wsign-compare -Wundef -Wno-format-zero-length -pipe -g3 -fvisibility=hidden -O3 -funroll-loops -O0 -ffunction-sections -fdata-sections -fPIC -g -fno-omit-frame-pointer -m64 -Wall -fPIC -DPIC -c -O0 -ffunction-sections -fdata-sections -fPIC -g -fno-omit-frame-pointer -m64 -Wall -D_GNU_SOURCE -D_REENTRANT -Iinclude -I../jemalloc/include -DJEMALLOC_NO_PRIVATE_NAMESPACE -o src/malloc_io.sym.o ../jemalloc/src/malloc_io.c
[INFO] [stderr]   cc -std=gnu11 -Wall -Wsign-compare -Wundef -Wno-format-zero-length -pipe -g3 -fvisibility=hidden -O3 -funroll-loops -O0 -ffunction-sections -fdata-sections -fPIC -g -fno-omit-frame-pointer -m64 -Wall -fPIC -DPIC -c -O0 -ffunction-sections -fdata-sections -fPIC -g -fno-omit-frame-pointer -m64 -Wall -D_GNU_SOURCE -D_REENTRANT -Iinclude -I../jemalloc/include -DJEMALLOC_NO_PRIVATE_NAMESPACE -o src/mutex.sym.o ../jemalloc/src/mutex.c
[INFO] [stderr]   cc -std=gnu11 -Wall -Wsign-compare -Wundef -Wno-format-zero-length -pipe -g3 -fvisibility=hidden -O3 -funroll-loops -O0 -ffunction-sections -fdata-sections -fPIC -g -fno-omit-frame-pointer -m64 -Wall -fPIC -DPIC -c -O0 -ffunction-sections -fdata-sections -fPIC -g -fno-omit-frame-pointer -m64 -Wall -D_GNU_SOURCE -D_REENTRANT -Iinclude -I../jemalloc/include -DJEMALLOC_NO_PRIVATE_NAMESPACE -o src/mutex_pool.sym.o ../jemalloc/src/mutex_pool.c
[INFO] [stderr]   cc -std=gnu11 -Wall -Wsign-compare -Wundef -Wno-format-zero-length -pipe -g3 -fvisibility=hidden -O3 -funroll-loops -O0 -ffunction-sections -fdata-sections -fPIC -g -fno-omit-frame-pointer -m64 -Wall -fPIC -DPIC -c -O0 -ffunction-sections -fdata-sections -fPIC -g -fno-omit-frame-pointer -m64 -Wall -D_GNU_SOURCE -D_REENTRANT -Iinclude -I../jemalloc/include -DJEMALLOC_NO_PRIVATE_NAMESPACE -o src/nstime.sym.o ../jemalloc/src/nstime.c
[INFO] [stderr]   cc -std=gnu11 -Wall -Wsign-compare -Wundef -Wno-format-zero-length -pipe -g3 -fvisibility=hidden -O3 -funroll-loops -O0 -ffunction-sections -fdata-sections -fPIC -g -fno-omit-frame-pointer -m64 -Wall -fPIC -DPIC -c -O0 -ffunction-sections -fdata-sections -fPIC -g -fno-omit-frame-pointer -m64 -Wall -D_GNU_SOURCE -D_REENTRANT -Iinclude -I../jemalloc/include -DJEMALLOC_NO_PRIVATE_NAMESPACE -o src/pages.sym.o ../jemalloc/src/pages.c
[INFO] [stderr]   cc -std=gnu11 -Wall -Wsign-compare -Wundef -Wno-format-zero-length -pipe -g3 -fvisibility=hidden -O3 -funroll-loops -O0 -ffunction-sections -fdata-sections -fPIC -g -fno-omit-frame-pointer -m64 -Wall -fPIC -DPIC -c -O0 -ffunction-sections -fdata-sections -fPIC -g -fno-omit-frame-pointer -m64 -Wall -D_GNU_SOURCE -D_REENTRANT -Iinclude -I../jemalloc/include -DJEMALLOC_NO_PRIVATE_NAMESPACE -o src/prng.sym.o ../jemalloc/src/prng.c
[INFO] [stderr]   cc -std=gnu11 -Wall -Wsign-compare -Wundef -Wno-format-zero-length -pipe -g3 -fvisibility=hidden -O3 -funroll-loops -O0 -ffunction-sections -fdata-sections -fPIC -g -fno-omit-frame-pointer -m64 -Wall -fPIC -DPIC -c -O0 -ffunction-sections -fdata-sections -fPIC -g -fno-omit-frame-pointer -m64 -Wall -D_GNU_SOURCE -D_REENTRANT -Iinclude -I../jemalloc/include -DJEMALLOC_NO_PRIVATE_NAMESPACE -o src/prof.sym.o ../jemalloc/src/prof.c
[INFO] [stderr]   cc -std=gnu11 -Wall -Wsign-compare -Wundef -Wno-format-zero-length -pipe -g3 -fvisibility=hidden -O3 -funroll-loops -O0 -ffunction-sections -fdata-sections -fPIC -g -fno-omit-frame-pointer -m64 -Wall -fPIC -DPIC -c -O0 -ffunction-sections -fdata-sections -fPIC -g -fno-omit-frame-pointer -m64 -Wall -D_GNU_SOURCE -D_REENTRANT -Iinclude -I../jemalloc/include -DJEMALLOC_NO_PRIVATE_NAMESPACE -o src/rtree.sym.o ../jemalloc/src/rtree.c
[INFO] [stderr]   cc -std=gnu11 -Wall -Wsign-compare -Wundef -Wno-format-zero-length -pipe -g3 -fvisibility=hidden -O3 -funroll-loops -O0 -ffunction-sections -fdata-sections -fPIC -g -fno-omit-frame-pointer -m64 -Wall -fPIC -DPIC -c -O0 -ffunction-sections -fdata-sections -fPIC -g -fno-omit-frame-pointer -m64 -Wall -D_GNU_SOURCE -D_REENTRANT -Iinclude -I../jemalloc/include -DJEMALLOC_NO_PRIVATE_NAMESPACE -o src/stats.sym.o ../jemalloc/src/stats.c
[INFO] [stderr]   cc -std=gnu11 -Wall -Wsign-compare -Wundef -Wno-format-zero-length -pipe -g3 -fvisibility=hidden -O3 -funroll-loops -O0 -ffunction-sections -fdata-sections -fPIC -g -fno-omit-frame-pointer -m64 -Wall -fPIC -DPIC -c -O0 -ffunction-sections -fdata-sections -fPIC -g -fno-omit-frame-pointer -m64 -Wall -D_GNU_SOURCE -D_REENTRANT -Iinclude -I../jemalloc/include -DJEMALLOC_NO_PRIVATE_NAMESPACE -o src/sz.sym.o ../jemalloc/src/sz.c
[INFO] [stderr]   cc -std=gnu11 -Wall -Wsign-compare -Wundef -Wno-format-zero-length -pipe -g3 -fvisibility=hidden -O3 -funroll-loops -O0 -ffunction-sections -fdata-sections -fPIC -g -fno-omit-frame-pointer -m64 -Wall -fPIC -DPIC -c -O0 -ffunction-sections -fdata-sections -fPIC -g -fno-omit-frame-pointer -m64 -Wall -D_GNU_SOURCE -D_REENTRANT -Iinclude -I../jemalloc/include -DJEMALLOC_NO_PRIVATE_NAMESPACE -o src/tcache.sym.o ../jemalloc/src/tcache.c
[INFO] [stderr]   cc -std=gnu11 -Wall -Wsign-compare -Wundef -Wno-format-zero-length -pipe -g3 -fvisibility=hidden -O3 -funroll-loops -O0 -ffunction-sections -fdata-sections -fPIC -g -fno-omit-frame-pointer -m64 -Wall -fPIC -DPIC -c -O0 -ffunction-sections -fdata-sections -fPIC -g -fno-omit-frame-pointer -m64 -Wall -D_GNU_SOURCE -D_REENTRANT -Iinclude -I../jemalloc/include -DJEMALLOC_NO_PRIVATE_NAMESPACE -o src/ticker.sym.o ../jemalloc/src/ticker.c
[INFO] [stderr]   cc -std=gnu11 -Wall -Wsign-compare -Wundef -Wno-format-zero-length -pipe -g3 -fvisibility=hidden -O3 -funroll-loops -O0 -ffunction-sections -fdata-sections -fPIC -g -fno-omit-frame-pointer -m64 -Wall -fPIC -DPIC -c -O0 -ffunction-sections -fdata-sections -fPIC -g -fno-omit-frame-pointer -m64 -Wall -D_GNU_SOURCE -D_REENTRANT -Iinclude -I../jemalloc/include -DJEMALLOC_NO_PRIVATE_NAMESPACE -o src/tsd.sym.o ../jemalloc/src/tsd.c
[INFO] [stderr]   cc -std=gnu11 -Wall -Wsign-compare -Wundef -Wno-format-zero-length -pipe -g3 -fvisibility=hidden -O3 -funroll-loops -O0 -ffunction-sections -fdata-sections -fPIC -g -fno-omit-frame-pointer -m64 -Wall -fPIC -DPIC -c -O0 -ffunction-sections -fdata-sections -fPIC -g -fno-omit-frame-pointer -m64 -Wall -D_GNU_SOURCE -D_REENTRANT -Iinclude -I../jemalloc/include -DJEMALLOC_NO_PRIVATE_NAMESPACE -o src/witness.sym.o ../jemalloc/src/witness.c
[INFO] [stderr]   nm -a src/background_thread.sym.o | mawk -f include/jemalloc/internal/private_symbols.awk > src/background_thread.sym
[INFO] [stderr]   nm -a src/base.sym.o | mawk -f include/jemalloc/internal/private_symbols.awk > src/base.sym
[INFO] [stderr]   nm -a src/bin.sym.o | mawk -f include/jemalloc/internal/private_symbols.awk > src/bin.sym
[INFO] [stderr]   nm -a src/bitmap.sym.o | mawk -f include/jemalloc/internal/private_symbols.awk > src/bitmap.sym
[INFO] [stderr]   nm -a src/div.sym.o | mawk -f include/jemalloc/internal/private_symbols.awk > src/div.sym
[INFO] [stderr]   nm -a src/extent_dss.sym.o | mawk -f include/jemalloc/internal/private_symbols.awk > src/extent_dss.sym
[INFO] [stderr]   nm -a src/extent_mmap.sym.o | mawk -f include/jemalloc/internal/private_symbols.awk > src/extent_mmap.sym
[INFO] [stderr]   nm -a src/hash.sym.o | mawk -f include/jemalloc/internal/private_symbols.awk > src/hash.sym
[INFO] [stderr]   nm -a src/hooks.sym.o | mawk -f include/jemalloc/internal/private_symbols.awk > src/hooks.sym
[INFO] [stderr]   nm -a src/log.sym.o | mawk -f include/jemalloc/internal/private_symbols.awk > src/log.sym
[INFO] [stderr]   nm -a src/malloc_io.sym.o | mawk -f include/jemalloc/internal/private_symbols.awk > src/malloc_io.sym
[INFO] [stderr]   nm -a src/mutex.sym.o | mawk -f include/jemalloc/internal/private_symbols.awk > src/mutex.sym
[INFO] [stderr]   nm -a src/mutex_pool.sym.o | mawk -f include/jemalloc/internal/private_symbols.awk > src/mutex_pool.sym
[INFO] [stderr]   nm -a src/nstime.sym.o | mawk -f include/jemalloc/internal/private_symbols.awk > src/nstime.sym
[INFO] [stderr]   nm -a src/pages.sym.o | mawk -f include/jemalloc/internal/private_symbols.awk > src/pages.sym
[INFO] [stderr]   nm -a src/prng.sym.o | mawk -f include/jemalloc/internal/private_symbols.awk > src/prng.sym
[INFO] [stderr]   nm -a src/rtree.sym.o | mawk -f include/jemalloc/internal/private_symbols.awk > src/rtree.sym
[INFO] [stderr]   nm -a src/stats.sym.o | mawk -f include/jemalloc/internal/private_symbols.awk > src/stats.sym
[INFO] [stderr]   nm -a src/sz.sym.o | mawk -f include/jemalloc/internal/private_symbols.awk > src/sz.sym
[INFO] [stderr]   nm -a src/ticker.sym.o | mawk -f include/jemalloc/internal/private_symbols.awk > src/ticker.sym
[INFO] [stderr]   nm -a src/tsd.sym.o | mawk -f include/jemalloc/internal/private_symbols.awk > src/tsd.sym
[INFO] [stderr]   nm -a src/witness.sym.o | mawk -f include/jemalloc/internal/private_symbols.awk > src/witness.sym
[INFO] [stderr]   nm -a src/ctl.sym.o | mawk -f include/jemalloc/internal/private_symbols.awk > src/ctl.sym
[INFO] [stderr]   nm -a src/large.sym.o | mawk -f include/jemalloc/internal/private_symbols.awk > src/large.sym
[INFO] [stderr]   nm -a src/extent.sym.o | mawk -f include/jemalloc/internal/private_symbols.awk > src/extent.sym
[INFO] [stderr]   nm -a src/ckh.sym.o | mawk -f include/jemalloc/internal/private_symbols.awk > src/ckh.sym
[INFO] [stderr]   nm -a src/arena.sym.o | mawk -f include/jemalloc/internal/private_symbols.awk > src/arena.sym
[INFO] [stderr]   nm -a src/tcache.sym.o | mawk -f include/jemalloc/internal/private_symbols.awk > src/tcache.sym
[INFO] [stderr]   nm -a src/prof.sym.o | mawk -f include/jemalloc/internal/private_symbols.awk > src/prof.sym
[INFO] [stderr] 
[INFO] [stderr]   --- stderr
[INFO] [stderr]   ../jemalloc/src/malloc_io.c: In function 'malloc_vsnprintf':
[INFO] [stderr]   ../jemalloc/src/malloc_io.c:369:9: warning: case label value exceeds maximum value for type [-Wswitch-outside-range]
[INFO] [stderr]     369 |         case '?' | 0x80:                                                \
[INFO] [stderr]         |         ^~~~
[INFO] [stderr]   ../jemalloc/src/malloc_io.c:581:33: note: in expansion of macro 'GET_ARG_NUMERIC'
[INFO] [stderr]     581 |                                 GET_ARG_NUMERIC(val, 'p');
[INFO] [stderr]         |                                 ^~~~~~~~~~~~~~~
[INFO] [stderr]   ../jemalloc/src/malloc_io.c:387:9: warning: case label value exceeds maximum value for type [-Wswitch-outside-range]
[INFO] [stderr]     387 |         case 'j' | 0x80:                                                \
[INFO] [stderr]         |         ^~~~
[INFO] [stderr]   ../jemalloc/src/malloc_io.c:581:33: note: in expansion of macro 'GET_ARG_NUMERIC'
[INFO] [stderr]     581 |                                 GET_ARG_NUMERIC(val, 'p');
[INFO] [stderr]         |                                 ^~~~~~~~~~~~~~~
[INFO] [stderr]   ../jemalloc/src/malloc_io.c:375:9: warning: case label value exceeds maximum value for type [-Wswitch-outside-range]
[INFO] [stderr]     375 |         case 'l' | 0x80:                                                \
[INFO] [stderr]         |         ^~~~
[INFO] [stderr]   ../jemalloc/src/malloc_io.c:581:33: note: in expansion of macro 'GET_ARG_NUMERIC'
[INFO] [stderr]     581 |                                 GET_ARG_NUMERIC(val, 'p');
[INFO] [stderr]         |                                 ^~~~~~~~~~~~~~~
[INFO] [stderr]   ../jemalloc/src/malloc_io.c:381:9: warning: case label value exceeds maximum value for type [-Wswitch-outside-range]
[INFO] [stderr]     381 |         case 'q' | 0x80:                                                \
[INFO] [stderr]         |         ^~~~
[INFO] [stderr]   ../jemalloc/src/malloc_io.c:581:33: note: in expansion of macro 'GET_ARG_NUMERIC'
[INFO] [stderr]     581 |                                 GET_ARG_NUMERIC(val, 'p');
[INFO] [stderr]         |                                 ^~~~~~~~~~~~~~~
[INFO] [stderr]   ../jemalloc/src/malloc_io.c:396:9: warning: case label value exceeds maximum value for type [-Wswitch-outside-range]
[INFO] [stderr]     396 |         case 'z' | 0x80:                                                \
[INFO] [stderr]         |         ^~~~
[INFO] [stderr]   ../jemalloc/src/malloc_io.c:581:33: note: in expansion of macro 'GET_ARG_NUMERIC'
[INFO] [stderr]     581 |                                 GET_ARG_NUMERIC(val, 'p');
[INFO] [stderr]         |                                 ^~~~~~~~~~~~~~~
[INFO] [stderr]   {standard input}: Assembler messages:
[INFO] [stderr]   {standard input}:297702: Warning: end of file not at end of a line; newline inserted
[INFO] [stderr]   {standard input}:298248: Error: unknown pseudo-op: `.lbb'
[INFO] [stderr]   {standard input}: Error: open CFI at the end of file; missing .cfi_endproc directive
[INFO] [stderr]   cc: fatal error: Killed signal terminated program cc1
[INFO] [stderr]   compilation terminated.
[INFO] [stderr]   make: *** [Makefile:349: src/jemalloc.sym.o] Error 1
[INFO] [stderr]   thread 'main' panicked at 'command did not execute successfully: cd "/opt/rustwide/target/debug/build/jemalloc-sys-52a709ae65729acd/out/build" && "make" "srcroot=../jemalloc/" "-j" "16"
[INFO] [stderr]   expected success, got: exit status: 2', /opt/rustwide/cargo-home/registry/src/index.crates.io-6f17d22bba15001f/jemalloc-sys-0.3.2/build.rs:392:9
[INFO] [stderr]   stack backtrace:
[INFO] [stderr]      0:     0x55b809696681 - std::backtrace_rs::backtrace::libunwind::trace::h036e87df56fc4b9d
[INFO] [stderr]                                  at /rustc/9610dfe5a9a731ced1ea4923ecbd0c57fe367898/library/std/src/../../backtrace/src/backtrace/libunwind.rs:93:5
[INFO] [stderr]      1:     0x55b809696681 - std::backtrace_rs::backtrace::trace_unsynchronized::hd61eb2dbd6ae476a
[INFO] [stderr]                                  at /rustc/9610dfe5a9a731ced1ea4923ecbd0c57fe367898/library/std/src/../../backtrace/src/backtrace/mod.rs:66:5
[INFO] [stderr]      2:     0x55b809696681 - std::sys_common::backtrace::_print_fmt::h00c50d0875db23c9
[INFO] [stderr]                                  at /rustc/9610dfe5a9a731ced1ea4923ecbd0c57fe367898/library/std/src/sys_common/backtrace.rs:65:5
[INFO] [stderr]      3:     0x55b809696681 - <std::sys_common::backtrace::_print::DisplayBacktrace as core::fmt::Display>::fmt::h63195ab2dde77ccc
[INFO] [stderr]                                  at /rustc/9610dfe5a9a731ced1ea4923ecbd0c57fe367898/library/std/src/sys_common/backtrace.rs:44:22
[INFO] [stderr]      4:     0x55b8096b8e5f - core::fmt::rt::Argument::fmt::h83f4110348c688f4
[INFO] [stderr]                                  at /rustc/9610dfe5a9a731ced1ea4923ecbd0c57fe367898/library/core/src/fmt/rt.rs:138:9
[INFO] [stderr]      5:     0x55b8096b8e5f - core::fmt::write::h509367dd365f983a
[INFO] [stderr]                                  at /rustc/9610dfe5a9a731ced1ea4923ecbd0c57fe367898/library/core/src/fmt/mod.rs:1094:21
[INFO] [stderr]      6:     0x55b8096937c1 - std::io::Write::write_fmt::h8e60bfebdaabfee5
[INFO] [stderr]                                  at /rustc/9610dfe5a9a731ced1ea4923ecbd0c57fe367898/library/std/src/io/mod.rs:1713:15
[INFO] [stderr]      7:     0x55b809696495 - std::sys_common::backtrace::_print::h96e550016098cde6
[INFO] [stderr]                                  at /rustc/9610dfe5a9a731ced1ea4923ecbd0c57fe367898/library/std/src/sys_common/backtrace.rs:47:5
[INFO] [stderr]      8:     0x55b809696495 - std::sys_common::backtrace::print::h7a049611b153a02e
[INFO] [stderr]                                  at /rustc/9610dfe5a9a731ced1ea4923ecbd0c57fe367898/library/std/src/sys_common/backtrace.rs:34:9
[INFO] [stderr]      9:     0x55b809697b67 - std::panicking::default_hook::{{closure}}::h1b023d46676794c4
[INFO] [stderr]     10:     0x55b809697954 - std::panicking::default_hook::hea2961dabcf68e83
[INFO] [stderr]                                  at /rustc/9610dfe5a9a731ced1ea4923ecbd0c57fe367898/library/std/src/panicking.rs:288:9
[INFO] [stderr]     11:     0x55b80969801c - std::panicking::rust_panic_with_hook::h4285c91a8168b001
[INFO] [stderr]                                  at /rustc/9610dfe5a9a731ced1ea4923ecbd0c57fe367898/library/std/src/panicking.rs:705:13
[INFO] [stderr]     12:     0x55b809697f17 - std::panicking::begin_panic_handler::{{closure}}::h6ebd0d46f0c6b010
[INFO] [stderr]                                  at /rustc/9610dfe5a9a731ced1ea4923ecbd0c57fe367898/library/std/src/panicking.rs:597:13
[INFO] [stderr]     13:     0x55b809696ab6 - std::sys_common::backtrace::__rust_end_short_backtrace::h92042d128576b63a
[INFO] [stderr]                                  at /rustc/9610dfe5a9a731ced1ea4923ecbd0c57fe367898/library/std/src/sys_common/backtrace.rs:151:18
[INFO] [stderr]     14:     0x55b809697c62 - rust_begin_unwind
[INFO] [stderr]                                  at /rustc/9610dfe5a9a731ced1ea4923ecbd0c57fe367898/library/std/src/panicking.rs:593:5
[INFO] [stderr]     15:     0x55b809624703 - core::panicking::panic_fmt::h65404fc8061ee73a
[INFO] [stderr]                                  at /rustc/9610dfe5a9a731ced1ea4923ecbd0c57fe367898/library/core/src/panicking.rs:67:14
[INFO] [stderr]     16:     0x55b80962a30d - build_script_build::run::h53edea5c37a1e2fe
[INFO] [stderr]     17:     0x55b80962919b - build_script_build::main::h36fdacd40cfaf8ec
[INFO] [stderr]     18:     0x55b809634153 - core::ops::function::FnOnce::call_once::had43743aa1207050
[INFO] [stderr]     19:     0x55b8096348b6 - std::sys_common::backtrace::__rust_begin_short_backtrace::hbac0086feba97d03
[INFO] [stderr]     20:     0x55b809633339 - std::rt::lang_start::{{closure}}::h38677a6308399833
[INFO] [stderr]     21:     0x55b80968f575 - core::ops::function::impls::<impl core::ops::function::FnOnce<A> for &F>::call_once::h49ef85a8a8d45198
[INFO] [stderr]                                  at /rustc/9610dfe5a9a731ced1ea4923ecbd0c57fe367898/library/core/src/ops/function.rs:284:13
[INFO] [stderr]     22:     0x55b80968f575 - std::panicking::try::do_call::ha1def14af693a135
[INFO] [stderr]                                  at /rustc/9610dfe5a9a731ced1ea4923ecbd0c57fe367898/library/std/src/panicking.rs:500:40
[INFO] [stderr]     23:     0x55b80968f575 - std::panicking::try::haa3dc2a1139932e2
[INFO] [stderr]                                  at /rustc/9610dfe5a9a731ced1ea4923ecbd0c57fe367898/library/std/src/panicking.rs:464:19
[INFO] [stderr]     24:     0x55b80968f575 - std::panic::catch_unwind::h9d9cbebaf9f15c67
[INFO] [stderr]                                  at /rustc/9610dfe5a9a731ced1ea4923ecbd0c57fe367898/library/std/src/panic.rs:142:14
[INFO] [stderr]     25:     0x55b80968f575 - std::rt::lang_start_internal::{{closure}}::hf660a772669a69cc
[INFO] [stderr]                                  at /rustc/9610dfe5a9a731ced1ea4923ecbd0c57fe367898/library/std/src/rt.rs:148:48
[INFO] [stderr]     26:     0x55b80968f575 - std::panicking::try::do_call::hb1c34715bb9b1c46
[INFO] [stderr]                                  at /rustc/9610dfe5a9a731ced1ea4923ecbd0c57fe367898/library/std/src/panicking.rs:500:40
[INFO] [stderr]     27:     0x55b80968f575 - std::panicking::try::h499866fd990da8f1
[INFO] [stderr]                                  at /rustc/9610dfe5a9a731ced1ea4923ecbd0c57fe367898/library/std/src/panicking.rs:464:19
[INFO] [stderr]     28:     0x55b80968f575 - std::panic::catch_unwind::hac1ffec55b72e7bc
[INFO] [stderr]                                  at /rustc/9610dfe5a9a731ced1ea4923ecbd0c57fe367898/library/std/src/panic.rs:142:14
[INFO] [stderr]     29:     0x55b80968f575 - std::rt::lang_start_internal::h0fecf91cd579e7b6
[INFO] [stderr]                                  at /rustc/9610dfe5a9a731ced1ea4923ecbd0c57fe367898/library/std/src/rt.rs:148:20
[INFO] [stderr]     30:     0x55b809633317 - std::rt::lang_start::h9506e316ed59cd02
[INFO] [stderr]     31:     0x55b80962a815 - main
[INFO] [stderr]     32:     0x7f4184040d90 - <unknown>
[INFO] [stderr]     33:     0x7f4184040e40 - __libc_start_main
[INFO] [stderr]     34:     0x55b809624da5 - _start
[INFO] [stderr]     35:                0x0 - <unknown>
[INFO] [stderr] The following warnings were emitted during compilation:
[INFO] [stderr] 
[INFO] [stderr] warning: c++: fatal error: Killed signal terminated program cc1plus
[INFO] [stderr] warning: compilation terminated.
[INFO] [stderr] warning: c++: fatal error: Killed signal terminated program cc1plus
[INFO] [stderr] warning: compilation terminated.
[INFO] [stderr] warning: c++: fatal error: Killed signal terminated program cc1plus
[INFO] [stderr] warning: compilation terminated.
[INFO] [stderr] warning: c++: fatal error: Killed signal terminated program cc1plus
[INFO] [stderr] warning: compilation terminated.
[INFO] [stderr] warning: c++: fatal error: Killed signal terminated program cc1plus
[INFO] [stderr] warning: compilation terminated.
[INFO] [stderr] warning: c++: fatal error: Killed signal terminated program cc1plus
[INFO] [stderr] warning: compilation terminated.
[INFO] [stderr] warning: c++: fatal error: Killed signal terminated program cc1plus
[INFO] [stderr] warning: compilation terminated.
[INFO] [stderr] warning: c++: fatal error: Killed signal terminated program cc1plus
[INFO] [stderr] warning: compilation terminated.
[INFO] [stderr] 
[INFO] [stderr] error: failed to run custom build command for `librocksdb-sys v6.11.4`
[INFO] [stderr] note: To improve backtraces for build dependencies, set the CARGO_PROFILE_DEV_BUILD_OVERRIDE_DEBUG=true environment variable to enable debug information generation.
[INFO] [stderr] 
[INFO] [stderr] Caused by:
[INFO] [stderr]   process didn't exit successfully: `/opt/rustwide/target/debug/build/librocksdb-sys-5ce17698a2c1b040/build-script-build` (exit status: 1)
[INFO] [stderr]   --- stdout
[INFO] [stderr]   cargo:rerun-if-changed=rocksdb/
[INFO] [stderr]   TARGET = Some("x86_64-unknown-linux-gnu")
[INFO] [stderr]   OPT_LEVEL = Some("0")
[INFO] [stderr]   HOST = Some("x86_64-unknown-linux-gnu")
[INFO] [stderr]   CXX_x86_64-unknown-linux-gnu = None
[INFO] [stderr]   CXX_x86_64_unknown_linux_gnu = None
[INFO] [stderr]   HOST_CXX = None
[INFO] [stderr]   CXX = None
[INFO] [stderr]   CXXFLAGS_x86_64-unknown-linux-gnu = None
[INFO] [stderr]   CXXFLAGS_x86_64_unknown_linux_gnu = None
[INFO] [stderr]   HOST_CXXFLAGS = None
[INFO] [stderr]   CXXFLAGS = None
[INFO] [stderr]   CRATE_CC_NO_DEFAULTS = None
[INFO] [stderr]   DEBUG = Some("true")
[INFO] [stderr]   CARGO_CFG_TARGET_FEATURE = Some("fxsr,sse,sse2")
[INFO] [stderr]   CXX_x86_64-unknown-linux-gnu = None
[INFO] [stderr]   CXX_x86_64_unknown_linux_gnu = None
[INFO] [stderr]   HOST_CXX = None
[INFO] [stderr]   CXX = None
[INFO] [stderr]   CXXFLAGS_x86_64-unknown-linux-gnu = None
[INFO] [stderr]   CXXFLAGS_x86_64_unknown_linux_gnu = None
[INFO] [stderr]   HOST_CXXFLAGS = None
[INFO] [stderr]   CXXFLAGS = None
[INFO] [stderr]   CRATE_CC_NO_DEFAULTS = None
[INFO] [stderr]   CARGO_CFG_TARGET_FEATURE = Some("fxsr,sse,sse2")
[INFO] [stderr]   CXX_x86_64-unknown-linux-gnu = None
[INFO] [stderr]   CXX_x86_64_unknown_linux_gnu = None
[INFO] [stderr]   HOST_CXX = None
[INFO] [stderr]   CXX = None
[INFO] [stderr]   CXXFLAGS_x86_64-unknown-linux-gnu = None
[INFO] [stderr]   CXXFLAGS_x86_64_unknown_linux_gnu = None
[INFO] [stderr]   HOST_CXXFLAGS = None
[INFO] [stderr]   CXXFLAGS = None
[INFO] [stderr]   CRATE_CC_NO_DEFAULTS = None
[INFO] [stderr]   CARGO_CFG_TARGET_FEATURE = Some("fxsr,sse,sse2")
[INFO] [stderr]   CXX_x86_64-unknown-linux-gnu = None
[INFO] [stderr]   CXX_x86_64_unknown_linux_gnu = None
[INFO] [stderr]   HOST_CXX = None
[INFO] [stderr]   CXX = None
[INFO] [stderr]   CXXFLAGS_x86_64-unknown-linux-gnu = None
[INFO] [stderr]   CXXFLAGS_x86_64_unknown_linux_gnu = None
[INFO] [stderr]   HOST_CXXFLAGS = None
[INFO] [stderr]   CXXFLAGS = None
[INFO] [stderr]   CRATE_CC_NO_DEFAULTS = None
[INFO] [stderr]   CARGO_CFG_TARGET_FEATURE = Some("fxsr,sse,sse2")
[INFO] [stderr]   CXX_x86_64-unknown-linux-gnu = None
[INFO] [stderr]   CXX_x86_64_unknown_linux_gnu = None
[INFO] [stderr]   HOST_CXX = None
[INFO] [stderr]   CXX = None
[INFO] [stderr]   CXXFLAGS_x86_64-unknown-linux-gnu = None
[INFO] [stderr]   CXXFLAGS_x86_64_unknown_linux_gnu = None
[INFO] [stderr]   HOST_CXXFLAGS = None
[INFO] [stderr]   CXXFLAGS = None
[INFO] [stderr]   CRATE_CC_NO_DEFAULTS = None
[INFO] [stderr]   CARGO_CFG_TARGET_FEATURE = Some("fxsr,sse,sse2")
[INFO] [stderr]   running: "c++" "-O0" "-ffunction-sections" "-fdata-sections" "-fPIC" "-g" "-fno-omit-frame-pointer" "-m64" "-I" "rocksdb/include/" "-I" "rocksdb/" "-I" "rocksdb/third-party/gtest-1.8.1/fused-src/" "-I" "snappy/" "-I" "lz4/lib/" "-I" "zstd/lib/" "-I" "zstd/lib/dictBuilder/" "-I" "zlib/" "-I" "bzip2/" "-I" "." "-Wall" "-Wextra" "-std=c++11" "-Wno-unused-parameter" "-msse2" "-msse4.1" "-msse4.2" "-mpclmul" "-DSNAPPY=1" "-DLZ4=1" "-DZSTD=1" "-DZLIB=1" "-DBZIP2=1" "-DNDEBUG=1" "-DHAVE_SSE42=1" "-DHAVE_PCLMUL=1" "-DOS_LINUX=1" "-DROCKSDB_PLATFORM_POSIX=1" "-DROCKSDB_LIB_IO_POSIX=1" "-o" "/opt/rustwide/target/debug/build/librocksdb-sys-021cd585d539eb6b/out/rocksdb/cache/cache.o" "-c" "rocksdb/cache/cache.cc"
[INFO] [stderr]   running: "c++" "-O0" "-ffunction-sections" "-fdata-sections" "-fPIC" "-g" "-fno-omit-frame-pointer" "-m64" "-I" "rocksdb/include/" "-I" "rocksdb/" "-I" "rocksdb/third-party/gtest-1.8.1/fused-src/" "-I" "snappy/" "-I" "lz4/lib/" "-I" "zstd/lib/" "-I" "zstd/lib/dictBuilder/" "-I" "zlib/" "-I" "bzip2/" "-I" "." "-Wall" "-Wextra" "-std=c++11" "-Wno-unused-parameter" "-msse2" "-msse4.1" "-msse4.2" "-mpclmul" "-DSNAPPY=1" "-DLZ4=1" "-DZSTD=1" "-DZLIB=1" "-DBZIP2=1" "-DNDEBUG=1" "-DHAVE_SSE42=1" "-DHAVE_PCLMUL=1" "-DOS_LINUX=1" "-DROCKSDB_PLATFORM_POSIX=1" "-DROCKSDB_LIB_IO_POSIX=1" "-o" "/opt/rustwide/target/debug/build/librocksdb-sys-021cd585d539eb6b/out/rocksdb/cache/clock_cache.o" "-c" "rocksdb/cache/clock_cache.cc"
[INFO] [stderr]   exit status: 0
[INFO] [stderr]   running: "c++" "-O0" "-ffunction-sections" "-fdata-sections" "-fPIC" "-g" "-fno-omit-frame-pointer" "-m64" "-I" "rocksdb/include/" "-I" "rocksdb/" "-I" "rocksdb/third-party/gtest-1.8.1/fused-src/" "-I" "snappy/" "-I" "lz4/lib/" "-I" "zstd/lib/" "-I" "zstd/lib/dictBuilder/" "-I" "zlib/" "-I" "bzip2/" "-I" "." "-Wall" "-Wextra" "-std=c++11" "-Wno-unused-parameter" "-msse2" "-msse4.1" "-msse4.2" "-mpclmul" "-DSNAPPY=1" "-DLZ4=1" "-DZSTD=1" "-DZLIB=1" "-DBZIP2=1" "-DNDEBUG=1" "-DHAVE_SSE42=1" "-DHAVE_PCLMUL=1" "-DOS_LINUX=1" "-DROCKSDB_PLATFORM_POSIX=1" "-DROCKSDB_LIB_IO_POSIX=1" "-o" "/opt/rustwide/target/debug/build/librocksdb-sys-021cd585d539eb6b/out/rocksdb/cache/lru_cache.o" "-c" "rocksdb/cache/lru_cache.cc"
[INFO] [stderr]   running: "c++" "-O0" "-ffunction-sections" "-fdata-sections" "-fPIC" "-g" "-fno-omit-frame-pointer" "-m64" "-I" "rocksdb/include/" "-I" "rocksdb/" "-I" "rocksdb/third-party/gtest-1.8.1/fused-src/" "-I" "snappy/" "-I" "lz4/lib/" "-I" "zstd/lib/" "-I" "zstd/lib/dictBuilder/" "-I" "zlib/" "-I" "bzip2/" "-I" "." "-Wall" "-Wextra" "-std=c++11" "-Wno-unused-parameter" "-msse2" "-msse4.1" "-msse4.2" "-mpclmul" "-DSNAPPY=1" "-DLZ4=1" "-DZSTD=1" "-DZLIB=1" "-DBZIP2=1" "-DNDEBUG=1" "-DHAVE_SSE42=1" "-DHAVE_PCLMUL=1" "-DOS_LINUX=1" "-DROCKSDB_PLATFORM_POSIX=1" "-DROCKSDB_LIB_IO_POSIX=1" "-o" "/opt/rustwide/target/debug/build/librocksdb-sys-021cd585d539eb6b/out/rocksdb/cache/sharded_cache.o" "-c" "rocksdb/cache/sharded_cache.cc"
[INFO] [stderr]   running: "c++" "-O0" "-ffunction-sections" "-fdata-sections" "-fPIC" "-g" "-fno-omit-frame-pointer" "-m64" "-I" "rocksdb/include/" "-I" "rocksdb/" "-I" "rocksdb/third-party/gtest-1.8.1/fused-src/" "-I" "snappy/" "-I" "lz4/lib/" "-I" "zstd/lib/" "-I" "zstd/lib/dictBuilder/" "-I" "zlib/" "-I" "bzip2/" "-I" "." "-Wall" "-Wextra" "-std=c++11" "-Wno-unused-parameter" "-msse2" "-msse4.1" "-msse4.2" "-mpclmul" "-DSNAPPY=1" "-DLZ4=1" "-DZSTD=1" "-DZLIB=1" "-DBZIP2=1" "-DNDEBUG=1" "-DHAVE_SSE42=1" "-DHAVE_PCLMUL=1" "-DOS_LINUX=1" "-DROCKSDB_PLATFORM_POSIX=1" "-DROCKSDB_LIB_IO_POSIX=1" "-o" "/opt/rustwide/target/debug/build/librocksdb-sys-021cd585d539eb6b/out/rocksdb/db/arena_wrapped_db_iter.o" "-c" "rocksdb/db/arena_wrapped_db_iter.cc"
[INFO] [stderr]   running: "c++" "-O0" "-ffunction-sections" "-fdata-sections" "-fPIC" "-g" "-fno-omit-frame-pointer" "-m64" "-I" "rocksdb/include/" "-I" "rocksdb/" "-I" "rocksdb/third-party/gtest-1.8.1/fused-src/" "-I" "snappy/" "-I" "lz4/lib/" "-I" "zstd/lib/" "-I" "zstd/lib/dictBuilder/" "-I" "zlib/" "-I" "bzip2/" "-I" "." "-Wall" "-Wextra" "-std=c++11" "-Wno-unused-parameter" "-msse2" "-msse4.1" "-msse4.2" "-mpclmul" "-DSNAPPY=1" "-DLZ4=1" "-DZSTD=1" "-DZLIB=1" "-DBZIP2=1" "-DNDEBUG=1" "-DHAVE_SSE42=1" "-DHAVE_PCLMUL=1" "-DOS_LINUX=1" "-DROCKSDB_PLATFORM_POSIX=1" "-DROCKSDB_LIB_IO_POSIX=1" "-o" "/opt/rustwide/target/debug/build/librocksdb-sys-021cd585d539eb6b/out/rocksdb/db/blob/blob_file_addition.o" "-c" "rocksdb/db/blob/blob_file_addition.cc"
[INFO] [stderr]   exit status: 0
[INFO] [stderr]   running: "c++" "-O0" "-ffunction-sections" "-fdata-sections" "-fPIC" "-g" "-fno-omit-frame-pointer" "-m64" "-I" "rocksdb/include/" "-I" "rocksdb/" "-I" "rocksdb/third-party/gtest-1.8.1/fused-src/" "-I" "snappy/" "-I" "lz4/lib/" "-I" "zstd/lib/" "-I" "zstd/lib/dictBuilder/" "-I" "zlib/" "-I" "bzip2/" "-I" "." "-Wall" "-Wextra" "-std=c++11" "-Wno-unused-parameter" "-msse2" "-msse4.1" "-msse4.2" "-mpclmul" "-DSNAPPY=1" "-DLZ4=1" "-DZSTD=1" "-DZLIB=1" "-DBZIP2=1" "-DNDEBUG=1" "-DHAVE_SSE42=1" "-DHAVE_PCLMUL=1" "-DOS_LINUX=1" "-DROCKSDB_PLATFORM_POSIX=1" "-DROCKSDB_LIB_IO_POSIX=1" "-o" "/opt/rustwide/target/debug/build/librocksdb-sys-021cd585d539eb6b/out/rocksdb/db/blob/blob_file_garbage.o" "-c" "rocksdb/db/blob/blob_file_garbage.cc"
[INFO] [stderr]   running: "c++" "-O0" "-ffunction-sections" "-fdata-sections" "-fPIC" "-g" "-fno-omit-frame-pointer" "-m64" "-I" "rocksdb/include/" "-I" "rocksdb/" "-I" "rocksdb/third-party/gtest-1.8.1/fused-src/" "-I" "snappy/" "-I" "lz4/lib/" "-I" "zstd/lib/" "-I" "zstd/lib/dictBuilder/" "-I" "zlib/" "-I" "bzip2/" "-I" "." "-Wall" "-Wextra" "-std=c++11" "-Wno-unused-parameter" "-msse2" "-msse4.1" "-msse4.2" "-mpclmul" "-DSNAPPY=1" "-DLZ4=1" "-DZSTD=1" "-DZLIB=1" "-DBZIP2=1" "-DNDEBUG=1" "-DHAVE_SSE42=1" "-DHAVE_PCLMUL=1" "-DOS_LINUX=1" "-DROCKSDB_PLATFORM_POSIX=1" "-DROCKSDB_LIB_IO_POSIX=1" "-o" "/opt/rustwide/target/debug/build/librocksdb-sys-021cd585d539eb6b/out/rocksdb/db/blob/blob_file_meta.o" "-c" "rocksdb/db/blob/blob_file_meta.cc"
[INFO] [stderr]   running: "c++" "-O0" "-ffunction-sections" "-fdata-sections" "-fPIC" "-g" "-fno-omit-frame-pointer" "-m64" "-I" "rocksdb/include/" "-I" "rocksdb/" "-I" "rocksdb/third-party/gtest-1.8.1/fused-src/" "-I" "snappy/" "-I" "lz4/lib/" "-I" "zstd/lib/" "-I" "zstd/lib/dictBuilder/" "-I" "zlib/" "-I" "bzip2/" "-I" "." "-Wall" "-Wextra" "-std=c++11" "-Wno-unused-parameter" "-msse2" "-msse4.1" "-msse4.2" "-mpclmul" "-DSNAPPY=1" "-DLZ4=1" "-DZSTD=1" "-DZLIB=1" "-DBZIP2=1" "-DNDEBUG=1" "-DHAVE_SSE42=1" "-DHAVE_PCLMUL=1" "-DOS_LINUX=1" "-DROCKSDB_PLATFORM_POSIX=1" "-DROCKSDB_LIB_IO_POSIX=1" "-o" "/opt/rustwide/target/debug/build/librocksdb-sys-021cd585d539eb6b/out/rocksdb/db/blob/blob_log_format.o" "-c" "rocksdb/db/blob/blob_log_format.cc"
[INFO] [stderr]   exit status: 0
[INFO] [stderr]   running: "c++" "-O0" "-ffunction-sections" "-fdata-sections" "-fPIC" "-g" "-fno-omit-frame-pointer" "-m64" "-I" "rocksdb/include/" "-I" "rocksdb/" "-I" "rocksdb/third-party/gtest-1.8.1/fused-src/" "-I" "snappy/" "-I" "lz4/lib/" "-I" "zstd/lib/" "-I" "zstd/lib/dictBuilder/" "-I" "zlib/" "-I" "bzip2/" "-I" "." "-Wall" "-Wextra" "-std=c++11" "-Wno-unused-parameter" "-msse2" "-msse4.1" "-msse4.2" "-mpclmul" "-DSNAPPY=1" "-DLZ4=1" "-DZSTD=1" "-DZLIB=1" "-DBZIP2=1" "-DNDEBUG=1" "-DHAVE_SSE42=1" "-DHAVE_PCLMUL=1" "-DOS_LINUX=1" "-DROCKSDB_PLATFORM_POSIX=1" "-DROCKSDB_LIB_IO_POSIX=1" "-o" "/opt/rustwide/target/debug/build/librocksdb-sys-021cd585d539eb6b/out/rocksdb/db/blob/blob_log_reader.o" "-c" "rocksdb/db/blob/blob_log_reader.cc"
[INFO] [stderr]   exit status: 0
[INFO] [stderr]   exit status: 0
[INFO] [stderr]   exit status: 0
[INFO] [stderr]   running: "c++" "-O0" "-ffunction-sections" "-fdata-sections" "-fPIC" "-g" "-fno-omit-frame-pointer" "-m64" "-I" "rocksdb/include/" "-I" "rocksdb/" "-I" "rocksdb/third-party/gtest-1.8.1/fused-src/" "-I" "snappy/" "-I" "lz4/lib/" "-I" "zstd/lib/" "-I" "zstd/lib/dictBuilder/" "-I" "zlib/" "-I" "bzip2/" "-I" "." "-Wall" "-Wextra" "-std=c++11" "-Wno-unused-parameter" "-msse2" "-msse4.1" "-msse4.2" "-mpclmul" "-DSNAPPY=1" "-DLZ4=1" "-DZSTD=1" "-DZLIB=1" "-DBZIP2=1" "-DNDEBUG=1" "-DHAVE_SSE42=1" "-DHAVE_PCLMUL=1" "-DOS_LINUX=1" "-DROCKSDB_PLATFORM_POSIX=1" "-DROCKSDB_LIB_IO_POSIX=1" "-o" "/opt/rustwide/target/debug/build/librocksdb-sys-021cd585d539eb6b/out/rocksdb/db/blob/blob_log_writer.o" "-c" "rocksdb/db/blob/blob_log_writer.cc"
[INFO] [stderr]   exit status: 0
[INFO] [stderr]   running: "c++" "-O0" "-ffunction-sections" "-fdata-sections" "-fPIC" "-g" "-fno-omit-frame-pointer" "-m64" "-I" "rocksdb/include/" "-I" "rocksdb/" "-I" "rocksdb/third-party/gtest-1.8.1/fused-src/" "-I" "snappy/" "-I" "lz4/lib/" "-I" "zstd/lib/" "-I" "zstd/lib/dictBuilder/" "-I" "zlib/" "-I" "bzip2/" "-I" "." "-Wall" "-Wextra" "-std=c++11" "-Wno-unused-parameter" "-msse2" "-msse4.1" "-msse4.2" "-mpclmul" "-DSNAPPY=1" "-DLZ4=1" "-DZSTD=1" "-DZLIB=1" "-DBZIP2=1" "-DNDEBUG=1" "-DHAVE_SSE42=1" "-DHAVE_PCLMUL=1" "-DOS_LINUX=1" "-DROCKSDB_PLATFORM_POSIX=1" "-DROCKSDB_LIB_IO_POSIX=1" "-o" "/opt/rustwide/target/debug/build/librocksdb-sys-021cd585d539eb6b/out/rocksdb/db/builder.o" "-c" "rocksdb/db/builder.cc"
[INFO] [stderr]   exit status: 0
[INFO] [stderr]   running: "c++" "-O0" "-ffunction-sections" "-fdata-sections" "-fPIC" "-g" "-fno-omit-frame-pointer" "-m64" "-I" "rocksdb/include/" "-I" "rocksdb/" "-I" "rocksdb/third-party/gtest-1.8.1/fused-src/" "-I" "snappy/" "-I" "lz4/lib/" "-I" "zstd/lib/" "-I" "zstd/lib/dictBuilder/" "-I" "zlib/" "-I" "bzip2/" "-I" "." "-Wall" "-Wextra" "-std=c++11" "-Wno-unused-parameter" "-msse2" "-msse4.1" "-msse4.2" "-mpclmul" "-DSNAPPY=1" "-DLZ4=1" "-DZSTD=1" "-DZLIB=1" "-DBZIP2=1" "-DNDEBUG=1" "-DHAVE_SSE42=1" "-DHAVE_PCLMUL=1" "-DOS_LINUX=1" "-DROCKSDB_PLATFORM_POSIX=1" "-DROCKSDB_LIB_IO_POSIX=1" "-o" "/opt/rustwide/target/debug/build/librocksdb-sys-021cd585d539eb6b/out/rocksdb/db/c.o" "-c" "rocksdb/db/c.cc"
[INFO] [stderr]   running: "c++" "-O0" "-ffunction-sections" "-fdata-sections" "-fPIC" "-g" "-fno-omit-frame-pointer" "-m64" "-I" "rocksdb/include/" "-I" "rocksdb/" "-I" "rocksdb/third-party/gtest-1.8.1/fused-src/" "-I" "snappy/" "-I" "lz4/lib/" "-I" "zstd/lib/" "-I" "zstd/lib/dictBuilder/" "-I" "zlib/" "-I" "bzip2/" "-I" "." "-Wall" "-Wextra" "-std=c++11" "-Wno-unused-parameter" "-msse2" "-msse4.1" "-msse4.2" "-mpclmul" "-DSNAPPY=1" "-DLZ4=1" "-DZSTD=1" "-DZLIB=1" "-DBZIP2=1" "-DNDEBUG=1" "-DHAVE_SSE42=1" "-DHAVE_PCLMUL=1" "-DOS_LINUX=1" "-DROCKSDB_PLATFORM_POSIX=1" "-DROCKSDB_LIB_IO_POSIX=1" "-o" "/opt/rustwide/target/debug/build/librocksdb-sys-021cd585d539eb6b/out/rocksdb/db/column_family.o" "-c" "rocksdb/db/column_family.cc"
[INFO] [stderr]   exit status: 0
[INFO] [stderr]   running: "c++" "-O0" "-ffunction-sections" "-fdata-sections" "-fPIC" "-g" "-fno-omit-frame-pointer" "-m64" "-I" "rocksdb/include/" "-I" "rocksdb/" "-I" "rocksdb/third-party/gtest-1.8.1/fused-src/" "-I" "snappy/" "-I" "lz4/lib/" "-I" "zstd/lib/" "-I" "zstd/lib/dictBuilder/" "-I" "zlib/" "-I" "bzip2/" "-I" "." "-Wall" "-Wextra" "-std=c++11" "-Wno-unused-parameter" "-msse2" "-msse4.1" "-msse4.2" "-mpclmul" "-DSNAPPY=1" "-DLZ4=1" "-DZSTD=1" "-DZLIB=1" "-DBZIP2=1" "-DNDEBUG=1" "-DHAVE_SSE42=1" "-DHAVE_PCLMUL=1" "-DOS_LINUX=1" "-DROCKSDB_PLATFORM_POSIX=1" "-DROCKSDB_LIB_IO_POSIX=1" "-o" "/opt/rustwide/target/debug/build/librocksdb-sys-021cd585d539eb6b/out/rocksdb/db/compacted_db_impl.o" "-c" "rocksdb/db/compacted_db_impl.cc"
[INFO] [stderr]   running: "c++" "-O0" "-ffunction-sections" "-fdata-sections" "-fPIC" "-g" "-fno-omit-frame-pointer" "-m64" "-I" "rocksdb/include/" "-I" "rocksdb/" "-I" "rocksdb/third-party/gtest-1.8.1/fused-src/" "-I" "snappy/" "-I" "lz4/lib/" "-I" "zstd/lib/" "-I" "zstd/lib/dictBuilder/" "-I" "zlib/" "-I" "bzip2/" "-I" "." "-Wall" "-Wextra" "-std=c++11" "-Wno-unused-parameter" "-msse2" "-msse4.1" "-msse4.2" "-mpclmul" "-DSNAPPY=1" "-DLZ4=1" "-DZSTD=1" "-DZLIB=1" "-DBZIP2=1" "-DNDEBUG=1" "-DHAVE_SSE42=1" "-DHAVE_PCLMUL=1" "-DOS_LINUX=1" "-DROCKSDB_PLATFORM_POSIX=1" "-DROCKSDB_LIB_IO_POSIX=1" "-o" "/opt/rustwide/target/debug/build/librocksdb-sys-021cd585d539eb6b/out/rocksdb/db/compaction/compaction.o" "-c" "rocksdb/db/compaction/compaction.cc"
[INFO] [stderr]   exit status: 0
[INFO] [stderr]   running: "c++" "-O0" "-ffunction-sections" "-fdata-sections" "-fPIC" "-g" "-fno-omit-frame-pointer" "-m64" "-I" "rocksdb/include/" "-I" "rocksdb/" "-I" "rocksdb/third-party/gtest-1.8.1/fused-src/" "-I" "snappy/" "-I" "lz4/lib/" "-I" "zstd/lib/" "-I" "zstd/lib/dictBuilder/" "-I" "zlib/" "-I" "bzip2/" "-I" "." "-Wall" "-Wextra" "-std=c++11" "-Wno-unused-parameter" "-msse2" "-msse4.1" "-msse4.2" "-mpclmul" "-DSNAPPY=1" "-DLZ4=1" "-DZSTD=1" "-DZLIB=1" "-DBZIP2=1" "-DNDEBUG=1" "-DHAVE_SSE42=1" "-DHAVE_PCLMUL=1" "-DOS_LINUX=1" "-DROCKSDB_PLATFORM_POSIX=1" "-DROCKSDB_LIB_IO_POSIX=1" "-o" "/opt/rustwide/target/debug/build/librocksdb-sys-021cd585d539eb6b/out/rocksdb/db/compaction/compaction_iterator.o" "-c" "rocksdb/db/compaction/compaction_iterator.cc"
[INFO] [stderr]   running: "c++" "-O0" "-ffunction-sections" "-fdata-sections" "-fPIC" "-g" "-fno-omit-frame-pointer" "-m64" "-I" "rocksdb/include/" "-I" "rocksdb/" "-I" "rocksdb/third-party/gtest-1.8.1/fused-src/" "-I" "snappy/" "-I" "lz4/lib/" "-I" "zstd/lib/" "-I" "zstd/lib/dictBuilder/" "-I" "zlib/" "-I" "bzip2/" "-I" "." "-Wall" "-Wextra" "-std=c++11" "-Wno-unused-parameter" "-msse2" "-msse4.1" "-msse4.2" "-mpclmul" "-DSNAPPY=1" "-DLZ4=1" "-DZSTD=1" "-DZLIB=1" "-DBZIP2=1" "-DNDEBUG=1" "-DHAVE_SSE42=1" "-DHAVE_PCLMUL=1" "-DOS_LINUX=1" "-DROCKSDB_PLATFORM_POSIX=1" "-DROCKSDB_LIB_IO_POSIX=1" "-o" "/opt/rustwide/target/debug/build/librocksdb-sys-021cd585d539eb6b/out/rocksdb/db/compaction/compaction_job.o" "-c" "rocksdb/db/compaction/compaction_job.cc"
[INFO] [stderr]   running: "c++" "-O0" "-ffunction-sections" "-fdata-sections" "-fPIC" "-g" "-fno-omit-frame-pointer" "-m64" "-I" "rocksdb/include/" "-I" "rocksdb/" "-I" "rocksdb/third-party/gtest-1.8.1/fused-src/" "-I" "snappy/" "-I" "lz4/lib/" "-I" "zstd/lib/" "-I" "zstd/lib/dictBuilder/" "-I" "zlib/" "-I" "bzip2/" "-I" "." "-Wall" "-Wextra" "-std=c++11" "-Wno-unused-parameter" "-msse2" "-msse4.1" "-msse4.2" "-mpclmul" "-DSNAPPY=1" "-DLZ4=1" "-DZSTD=1" "-DZLIB=1" "-DBZIP2=1" "-DNDEBUG=1" "-DHAVE_SSE42=1" "-DHAVE_PCLMUL=1" "-DOS_LINUX=1" "-DROCKSDB_PLATFORM_POSIX=1" "-DROCKSDB_LIB_IO_POSIX=1" "-o" "/opt/rustwide/target/debug/build/librocksdb-sys-021cd585d539eb6b/out/rocksdb/db/compaction/compaction_picker.o" "-c" "rocksdb/db/compaction/compaction_picker.cc"
[INFO] [stderr]   running: "c++" "-O0" "-ffunction-sections" "-fdata-sections" "-fPIC" "-g" "-fno-omit-frame-pointer" "-m64" "-I" "rocksdb/include/" "-I" "rocksdb/" "-I" "rocksdb/third-party/gtest-1.8.1/fused-src/" "-I" "snappy/" "-I" "lz4/lib/" "-I" "zstd/lib/" "-I" "zstd/lib/dictBuilder/" "-I" "zlib/" "-I" "bzip2/" "-I" "." "-Wall" "-Wextra" "-std=c++11" "-Wno-unused-parameter" "-msse2" "-msse4.1" "-msse4.2" "-mpclmul" "-DSNAPPY=1" "-DLZ4=1" "-DZSTD=1" "-DZLIB=1" "-DBZIP2=1" "-DNDEBUG=1" "-DHAVE_SSE42=1" "-DHAVE_PCLMUL=1" "-DOS_LINUX=1" "-DROCKSDB_PLATFORM_POSIX=1" "-DROCKSDB_LIB_IO_POSIX=1" "-o" "/opt/rustwide/target/debug/build/librocksdb-sys-021cd585d539eb6b/out/rocksdb/db/compaction/compaction_picker_fifo.o" "-c" "rocksdb/db/compaction/compaction_picker_fifo.cc"
[INFO] [stderr]   cargo:warning=c++: fatal error: Killed signal terminated program cc1plus
[INFO] [stderr]   cargo:warning=compilation terminated.
[INFO] [stderr]   exit status: 1
[INFO] [stderr]   cargo:warning=c++: fatal error: Killed signal terminated program cc1plus
[INFO] [stderr]   cargo:warning=compilation terminated.
[INFO] [stderr]   exit status: 1
[INFO] [stderr]   running: "c++" "-O0" "-ffunction-sections" "-fdata-sections" "-fPIC" "-g" "-fno-omit-frame-pointer" "-m64" "-I" "rocksdb/include/" "-I" "rocksdb/" "-I" "rocksdb/third-party/gtest-1.8.1/fused-src/" "-I" "snappy/" "-I" "lz4/lib/" "-I" "zstd/lib/" "-I" "zstd/lib/dictBuilder/" "-I" "zlib/" "-I" "bzip2/" "-I" "." "-Wall" "-Wextra" "-std=c++11" "-Wno-unused-parameter" "-msse2" "-msse4.1" "-msse4.2" "-mpclmul" "-DSNAPPY=1" "-DLZ4=1" "-DZSTD=1" "-DZLIB=1" "-DBZIP2=1" "-DNDEBUG=1" "-DHAVE_SSE42=1" "-DHAVE_PCLMUL=1" "-DOS_LINUX=1" "-DROCKSDB_PLATFORM_POSIX=1" "-DROCKSDB_LIB_IO_POSIX=1" "-o" "/opt/rustwide/target/debug/build/librocksdb-sys-021cd585d539eb6b/out/rocksdb/db/compaction/compaction_picker_level.o" "-c" "rocksdb/db/compaction/compaction_picker_level.cc"
[INFO] [stderr]   cargo:warning=c++: fatal error: Killed signal terminated program cc1plus
[INFO] [stderr]   cargo:warning=compilation terminated.
[INFO] [stderr]   exit status: 1
[INFO] [stderr]   cargo:warning=c++: fatal error: Killed signal terminated program cc1plus
[INFO] [stderr]   cargo:warning=compilation terminated.
[INFO] [stderr]   exit status: 1
[INFO] [stderr]   cargo:warning=c++: fatal error: Killed signal terminated program cc1plus
[INFO] [stderr]   cargo:warning=compilation terminated.
[INFO] [stderr]   exit status: 1
[INFO] [stderr]   cargo:warning=c++: fatal error: Killed signal terminated program cc1plus
[INFO] [stderr]   cargo:warning=compilation terminated.
[INFO] [stderr]   exit status: 1
[INFO] [stderr]   cargo:warning=c++: fatal error: Killed signal terminated program cc1plus
[INFO] [stderr]   cargo:warning=compilation terminated.
[INFO] [stderr]   exit status: 1
[INFO] [stderr]   cargo:warning=c++: fatal error: Killed signal terminated program cc1plus
[INFO] [stderr]   cargo:warning=compilation terminated.
[INFO] [stderr]   exit status: 1
[INFO] [stderr]   exit status: 0
[INFO] [stderr]   exit status: 0
[INFO] [stderr]   exit status: 0
[INFO] [stderr] 
[INFO] [stderr]   --- stderr
[INFO] [stderr]   error: 'rustfmt' is not installed for the toolchain '9610dfe5a9a731ced1ea4923ecbd0c57fe367898'
[INFO] [stderr]   note: this is a custom toolchain, which cannot use `rustup component add`
[INFO] [stderr]   help: if you built this toolchain from source, and used `rustup toolchain link`, then you may be able to build the component with `x.py`
[INFO] [stderr]   Failed to run rustfmt: Internal rustfmt error (non-fatal, continuing)
[INFO] [stderr] 
[INFO] [stderr] 
[INFO] [stderr]   error occurred: Command "c++" "-O0" "-ffunction-sections" "-fdata-sections" "-fPIC" "-g" "-fno-omit-frame-pointer" "-m64" "-I" "rocksdb/include/" "-I" "rocksdb/" "-I" "rocksdb/third-party/gtest-1.8.1/fused-src/" "-I" "snappy/" "-I" "lz4/lib/" "-I" "zstd/lib/" "-I" "zstd/lib/dictBuilder/" "-I" "zlib/" "-I" "bzip2/" "-I" "." "-Wall" "-Wextra" "-std=c++11" "-Wno-unused-parameter" "-msse2" "-msse4.1" "-msse4.2" "-mpclmul" "-DSNAPPY=1" "-DLZ4=1" "-DZSTD=1" "-DZLIB=1" "-DBZIP2=1" "-DNDEBUG=1" "-DHAVE_SSE42=1" "-DHAVE_PCLMUL=1" "-DOS_LINUX=1" "-DROCKSDB_PLATFORM_POSIX=1" "-DROCKSDB_LIB_IO_POSIX=1" "-o" "/opt/rustwide/target/debug/build/librocksdb-sys-021cd585d539eb6b/out/rocksdb/db/arena_wrapped_db_iter.o" "-c" "rocksdb/db/arena_wrapped_db_iter.cc" with args "c++" did not execute successfully (status code exit status: 1).
[INFO] [stderr] 
[INFO] [stderr] 
[INFO] running `Command { std: "docker" "inspect" "b723b2b0ae39876e0eb424d47002bba347476ae710a56f8c505fe4e9c7fb70ea", kill_on_drop: false }`
[INFO] running `Command { std: "docker" "rm" "-f" "b723b2b0ae39876e0eb424d47002bba347476ae710a56f8c505fe4e9c7fb70ea", kill_on_drop: false }`
[INFO] [stdout] b723b2b0ae39876e0eb424d47002bba347476ae710a56f8c505fe4e9c7fb70ea
